{"id":4249,"date":"2022-02-17T12:07:26","date_gmt":"2022-02-17T11:07:26","guid":{"rendered":"http:\/\/41.249.251.2:8004\/?page_id=4249"},"modified":"2022-02-17T12:23:39","modified_gmt":"2022-02-17T11:23:39","slug":"f-a-q","status":"publish","type":"page","link":"https:\/\/greentelemesure.com\/index.php\/f-a-q\/","title":{"rendered":"F.A.Q."},"content":{"rendered":"\n<h2 class=\"has-text-color has-small-font-size wp-block-heading\" id=\"questions-frequemment-posees\" style=\"color:#898989\">QUESTIONS FR\u00c9QUEMMENT POS\u00c9ES<\/h2>\n\n\n<section id='' class='helpie-faq accordions  faq-toggle custom-styles open-first ' data-collection='' data-pagination='0' data-search='0' data-pagination-enabled='0'><article class=\"accordion \"><li class=\"accordion__item \"><div class=\"accordion__header \" data-id=\"post-4265\" data-item=\"hfaq-post-4265\" style=\"background:#ffffff;\" data-tags=\"\"><div class=\"accordion__title\">Passer commande par t\u00e9l\u00e9phone ?<\/div><\/div><div class=\"accordion__body\" style=\"background:#FCFCFC;\"><p>Tous nos produits sont disponibles sur notre site greentelemesure.com.<\/p>\n<p>Notre objectif est d\u2019\u00eatre rapide et efficace.<\/p>\n<p>N\u00e9anmoins nos services client\u00e8les restent \u00e0 votre disposition au 05.28.30.90.50\/06.60.11.18.88 pour vous conseiller et r\u00e9pondre \u00e0 toutes vos demandes.<\/p>\n<\/div><\/li><li class=\"accordion__item \"><div class=\"accordion__header \" data-id=\"post-4276\" data-item=\"hfaq-post-4276\" style=\"background:#ffffff;\" data-tags=\"\"><div class=\"accordion__title\">Que dois-je faire en cas d\u2019\u00e9puisement d\u2019une vente ?<\/div><\/div><div class=\"accordion__body\" style=\"background:#FCFCFC;\"><p>Contactez nous par email, nous ferons de notre mieux pour vous retrouver votre article.<\/p>\n<\/div><\/li><li class=\"accordion__item \"><div class=\"accordion__header \" data-id=\"post-4277\" data-item=\"hfaq-post-4277\" style=\"background:#ffffff;\" data-tags=\"\"><div class=\"accordion__title\">Comment puis-je contacter le service client\u00e8le de greentelemesure.com ?<\/div><\/div><div class=\"accordion__body\" style=\"background:#FCFCFC;\"><p>Pour toutes vos questions, veuillez contacter notre service client\u00e8le au 05 28 24 35 43 \u00a0ou par email sur\u00a0<a href=\"mailto:contact@greensolutionsmaroc.com\">contact@greensolutionsmaroc.com<\/a> \u00a0du Lundi au Vendredi de 8h a 18H. Vous pouvez aussi aller sur le lien <a href=\"http:\/\/41.249.251.2:8004\/index.php\/contact\/\">Contactez-nous<\/a>.<\/p>\n<\/div><\/li><li class=\"accordion__item \"><div class=\"accordion__header \" data-id=\"post-4280\" data-item=\"hfaq-post-4280\" style=\"background:#ffffff;\" data-tags=\"\"><div class=\"accordion__title\">Que puis-je faire si j\u2019ai besoin d\u2019aide pour faire mon choix ?<\/div><\/div><div class=\"accordion__body\" style=\"background:#FCFCFC;\"><p>Un service client\u00e8le d\u00e9di\u00e9 \u00e0 ce genre de besoins est disponible pour r\u00e9pondre \u00e0 toutes vos questions.<\/p>\n<\/div><\/li><\/article><\/section>\n","protected":false},"excerpt":{"rendered":"<p>QUESTIONS FR\u00c9QUEMMENT POS\u00c9ES<\/p>\n","protected":false},"author":1,"featured_media":0,"parent":0,"menu_order":0,"comment_status":"closed","ping_status":"closed","template":"template-full-width.php","meta":[],"_links":{"self":[{"href":"https:\/\/greentelemesure.com\/index.php\/wp-json\/wp\/v2\/pages\/4249"}],"collection":[{"href":"https:\/\/greentelemesure.com\/index.php\/wp-json\/wp\/v2\/pages"}],"about":[{"href":"https:\/\/greentelemesure.com\/index.php\/wp-json\/wp\/v2\/types\/page"}],"author":[{"embeddable":true,"href":"https:\/\/greentelemesure.com\/index.php\/wp-json\/wp\/v2\/users\/1"}],"replies":[{"embeddable":true,"href":"https:\/\/greentelemesure.com\/index.php\/wp-json\/wp\/v2\/comments?post=4249"}],"version-history":[{"count":6,"href":"https:\/\/greentelemesure.com\/index.php\/wp-json\/wp\/v2\/pages\/4249\/revisions"}],"predecessor-version":[{"id":4268,"href":"https:\/\/greentelemesure.com\/index.php\/wp-json\/wp\/v2\/pages\/4249\/revisions\/4268"}],"wp:attachment":[{"href":"https:\/\/greentelemesure.com\/index.php\/wp-json\/wp\/v2\/media?parent=4249"}],"curies":[{"name":"wp","href":"https:\/\/api.w.org\/{rel}","templated":true}]}}