{"id":3365,"date":"2022-01-22T10:01:09","date_gmt":"2022-01-22T09:01:09","guid":{"rendered":"http:\/\/41.249.251.2:8004\/?post_type=product&#038;p=3365"},"modified":"2024-11-19T17:58:08","modified_gmt":"2024-11-19T16:58:08","slug":"anemometre-psychrometre-a-grandes-palettes-cfm-cmm-plus-co-2-ref02-15-05-27","status":"publish","type":"product","link":"https:\/\/greentelemesure.com\/index.php\/produit\/anemometre-psychrometre-a-grandes-palettes-cfm-cmm-plus-co-2-ref02-15-05-27\/","title":{"rendered":"An\u00e9mom\u00e8tre\/Psychrom\u00e8tre \u00e0 grandes palettes CFM\/CMM plus CO 2"},"content":{"rendered":"<p>An\u00e9mom\u00e8tre\/psychrom\u00e8tre \u00e0 grandes palettes CFM\/CMM plus CO <sub>2<\/sub>\u00a0.\u00a0Ce compteur mesure la vitesse de l&rsquo;air, le d\u00e9bit d&rsquo;air, l&rsquo;humidit\u00e9 relative, le bulbe humide, le point de ros\u00e9e et le dioxyde de carbone.\u00a0La s\u00e9rie de thermo-an\u00e9mom\u00e8tres \u00e0 grande palette d&rsquo;Extech permet des lectures plus pr\u00e9cises sur des conduits de plus grande taille.\u00a0Fonctions min\/max, maintien des donn\u00e9es et mise hors tension automatique.\u00a0Complet avec 4 piles AAA et \u00e9tui de transport rigide.<\/p>\n","protected":false},"excerpt":{"rendered":"<ul id=\"features\">\n<li>La palette de 10 cm (4 po) permet des lectures plus pr\u00e9cises sur des conduits de plus grande taille<\/li>\n<li>Vitesse de l&rsquo;air, d\u00e9bit d&rsquo;air, humidit\u00e9 relative, bulbe humide et point de ros\u00e9e, dioxyde de carbone (CO\u2082)<\/li>\n<li>Thermistance int\u00e9gr\u00e9e pour la temp\u00e9rature de l&rsquo;air<\/li>\n<li>Calculs de moyennes multipoints et temporelles<\/li>\n<li>Min\/Max, maintien des donn\u00e9es et mise hors tension automatique<\/li>\n<li>Complet avec quatre piles AAA et \u00e9tui de transport rigide<\/li>\n<\/ul>\n","protected":false},"featured_media":4930,"comment_status":"open","ping_status":"closed","template":"","meta":[],"product_cat":[63],"product_tag":[],"_links":{"self":[{"href":"https:\/\/greentelemesure.com\/index.php\/wp-json\/wp\/v3\/product\/3365"}],"collection":[{"href":"https:\/\/greentelemesure.com\/index.php\/wp-json\/wp\/v3\/product"}],"about":[{"href":"https:\/\/greentelemesure.com\/index.php\/wp-json\/wp\/v2\/types\/product"}],"replies":[{"embeddable":true,"href":"https:\/\/greentelemesure.com\/index.php\/wp-json\/wp\/v2\/comments?post=3365"}],"wp:featuredmedia":[{"embeddable":true,"href":"https:\/\/greentelemesure.com\/index.php\/wp-json\/wp\/v2\/media\/4930"}],"wp:attachment":[{"href":"https:\/\/greentelemesure.com\/index.php\/wp-json\/wp\/v2\/media?parent=3365"}],"wp:term":[{"taxonomy":"product_cat","embeddable":true,"href":"https:\/\/greentelemesure.com\/index.php\/wp-json\/wp\/v2\/product_cat?post=3365"},{"taxonomy":"product_tag","embeddable":true,"href":"https:\/\/greentelemesure.com\/index.php\/wp-json\/wp\/v2\/product_tag?post=3365"}],"curies":[{"name":"wp","href":"https:\/\/api.w.org\/{rel}","templated":true}]}}