{"id":3370,"date":"2022-01-22T10:33:35","date_gmt":"2022-01-22T09:33:35","guid":{"rendered":"http:\/\/41.249.251.2:8004\/?post_type=product&#038;p=3370"},"modified":"2023-04-07T13:07:45","modified_gmt":"2023-04-07T12:07:45","slug":"scanner-de-condensation-thermique-infrarouge-a-double-laser-ref02-13-05-24","status":"publish","type":"product","link":"https:\/\/greentelemesure.com\/index.php\/produit\/scanner-de-condensation-thermique-infrarouge-a-double-laser-ref02-13-05-24\/","title":{"rendered":"Scanner de condensation thermique infrarouge \u00e0 double laser"},"content":{"rendered":"<p>scanner de condensation thermique infrarouge \u00e0 double laser. Ce psychrom\u00e8tre infrarouge 12:1 avec alarme de point de ros\u00e9e \u00e0 DEL tricolore mesure la temp\u00e9rature et l&rsquo;humidit\u00e9, puis calcule le point de ros\u00e9e et avertit l&rsquo;utilisateur lorsque des conditions propices \u00e0 la croissance de moisissures existent. Id\u00e9al pour les processus qui n\u00e9cessitent un contr\u00f4le et une surveillance de la temp\u00e9rature de surface. La LED verte passe au jaune, puis au rouge lorsque la lecture de la temp\u00e9rature de surface se rapproche de la lecture calcul\u00e9e du point de ros\u00e9e, puis l&rsquo;\u00e9gale. Les lasers doubles indiquent la distance de mesure id\u00e9ale o\u00f9 les deux lasers convergent vers un point cible de 1 \u00ab\u00a0. Complet avec \u00e9tui et pile 9V.<\/p>\n","protected":false},"excerpt":{"rendered":"<ul id=\"features\">\n<li>Plage de mesure\u00a0: -22 \u00e0 662\u00a0\u00b0F (-30 \u00e0 350\u00a0\u00b0C)<\/li>\n<li>Id\u00e9al pour les processus n\u00e9cessitant un contr\u00f4le et une surveillance de la temp\u00e9rature de surface<\/li>\n<li>La LED verte passe au jaune puis au rouge lorsque la lecture de la temp\u00e9rature de surface se rapproche puis est \u00e9gale \u00e0 la lecture du point de ros\u00e9e calcul\u00e9e<\/li>\n<li>Un double syst\u00e8me laser pour un ciblage facile<\/li>\n<li>Temps de r\u00e9ponse de la temp\u00e9rature IR de 150 millisecondes<\/li>\n<li>R\u00e9tro\u00e9clairage et laser commutables, Max Hold<\/li>\n<li>Complet avec \u00e9tui et pile 9V<\/li>\n<\/ul>\n","protected":false},"featured_media":4934,"comment_status":"open","ping_status":"closed","template":"","meta":[],"product_cat":[62],"product_tag":[],"_links":{"self":[{"href":"https:\/\/greentelemesure.com\/index.php\/wp-json\/wp\/v3\/product\/3370"}],"collection":[{"href":"https:\/\/greentelemesure.com\/index.php\/wp-json\/wp\/v3\/product"}],"about":[{"href":"https:\/\/greentelemesure.com\/index.php\/wp-json\/wp\/v2\/types\/product"}],"replies":[{"embeddable":true,"href":"https:\/\/greentelemesure.com\/index.php\/wp-json\/wp\/v2\/comments?post=3370"}],"wp:featuredmedia":[{"embeddable":true,"href":"https:\/\/greentelemesure.com\/index.php\/wp-json\/wp\/v2\/media\/4934"}],"wp:attachment":[{"href":"https:\/\/greentelemesure.com\/index.php\/wp-json\/wp\/v2\/media?parent=3370"}],"wp:term":[{"taxonomy":"product_cat","embeddable":true,"href":"https:\/\/greentelemesure.com\/index.php\/wp-json\/wp\/v2\/product_cat?post=3370"},{"taxonomy":"product_tag","embeddable":true,"href":"https:\/\/greentelemesure.com\/index.php\/wp-json\/wp\/v2\/product_tag?post=3370"}],"curies":[{"name":"wp","href":"https:\/\/api.w.org\/{rel}","templated":true}]}}