{"id":3512,"date":"2022-01-26T10:39:26","date_gmt":"2022-01-26T09:39:26","guid":{"rendered":"http:\/\/41.249.251.2:8004\/?post_type=product&#038;p=3512"},"modified":"2023-04-07T13:10:20","modified_gmt":"2023-04-07T12:10:20","slug":"kit-de-mesure-potassium-ref02-11-07-31-3","status":"publish","type":"product","link":"https:\/\/greentelemesure.com\/index.php\/produit\/kit-de-mesure-potassium-ref02-11-07-31-3\/","title":{"rendered":"Kit de mesure potassium"},"content":{"rendered":"<p><span style=\"font-size: 18px\">\u2022Kit de mesure potassium: <\/span><span style=\"font-size: 16px\">Mettez la puissance d&rsquo;un laboratoire entre vos mains!<\/span><\/p>\n<p>\u2022 Nouveau compteur de \u00ab qualit\u00e9 professionnelle \u00bb<br \/>\n\u2022 Mesure les solutions nutritives, les sols, les milieux sans sol de serre, les \u00e9chantillons d&rsquo;eau, la s\u00e8ve des tissus et la gestion de la sant\u00e9<br \/>\n\u2022 Compteur de poche \u00e9tanche avec \u00e9talonnage num\u00e9rique<br \/>\n\u2022 Les capteurs se stockent \u00e0 sec et sont rempla\u00e7ables sur le terrain<br \/>\n\u2022 La pr\u00e9cision correspond bien au laboratoire analyse<br \/>\n\u2022 Compensation automatique de la temp\u00e9rature, \u00e9tanche, mise hors tension automatique<br \/>\n\u2022 Comprend deux piles CR2032, un \u00e9tui, des \u00e9talons d&rsquo;\u00e9talonnage<\/p>\n<p>&nbsp;<\/p>\n<p>&nbsp;<\/p>\n","protected":false},"excerpt":{"rendered":"<p>Pour la mesure des solutions nutritives, des sols, des milieux sans sol de serre, des \u00e9chantillons d&rsquo;eau et de la s\u00e8ve des tissus<\/p>\n","protected":false},"featured_media":4957,"comment_status":"closed","ping_status":"closed","template":"","meta":[],"product_cat":[59],"product_tag":[],"_links":{"self":[{"href":"https:\/\/greentelemesure.com\/index.php\/wp-json\/wp\/v3\/product\/3512"}],"collection":[{"href":"https:\/\/greentelemesure.com\/index.php\/wp-json\/wp\/v3\/product"}],"about":[{"href":"https:\/\/greentelemesure.com\/index.php\/wp-json\/wp\/v2\/types\/product"}],"replies":[{"embeddable":true,"href":"https:\/\/greentelemesure.com\/index.php\/wp-json\/wp\/v2\/comments?post=3512"}],"wp:featuredmedia":[{"embeddable":true,"href":"https:\/\/greentelemesure.com\/index.php\/wp-json\/wp\/v2\/media\/4957"}],"wp:attachment":[{"href":"https:\/\/greentelemesure.com\/index.php\/wp-json\/wp\/v2\/media?parent=3512"}],"wp:term":[{"taxonomy":"product_cat","embeddable":true,"href":"https:\/\/greentelemesure.com\/index.php\/wp-json\/wp\/v2\/product_cat?post=3512"},{"taxonomy":"product_tag","embeddable":true,"href":"https:\/\/greentelemesure.com\/index.php\/wp-json\/wp\/v2\/product_tag?post=3512"}],"curies":[{"name":"wp","href":"https:\/\/api.w.org\/{rel}","templated":true}]}}