{"id":3514,"date":"2022-01-26T10:43:57","date_gmt":"2022-01-26T09:43:57","guid":{"rendered":"http:\/\/41.249.251.2:8004\/?post_type=product&#038;p=3514"},"modified":"2023-04-07T13:10:26","modified_gmt":"2023-04-07T12:10:26","slug":"kit-de-mesure-sodium-ref02-11-07-31-5","status":"publish","type":"product","link":"https:\/\/greentelemesure.com\/index.php\/produit\/kit-de-mesure-sodium-ref02-11-07-31-5\/","title":{"rendered":"Kit de mesure Sodium"},"content":{"rendered":"<p><span style=\"font-size: 16px\">\u00a0Kit de mesure Sodium: <\/span>Mettez la puissance d&rsquo;un laboratoire entre vos mains!<\/p>\n<p>\u2022 Nouveau compteur de \u00ab qualit\u00e9 professionnelle \u00bb<br \/>\n\u2022 Mesure les solutions nutritives, les sols, les milieux sans sol de serre, les \u00e9chantillons d&rsquo;eau et la s\u00e8ve des tissus<br \/>\n\u2022 Compteur de poche \u00e9tanche avec \u00e9talonnage num\u00e9rique<br \/>\n\u2022 Les capteurs se stockent au sec et sont rempla\u00e7ables sur le terrain<br \/>\n\u2022 La pr\u00e9cision correspond bien \u00e0 l&rsquo;analyse en laboratoire<br \/>\n\u2022 Temp\u00e9rature automatique compensation, \u00e9tanche, mise hors tension automatique<br \/>\n\u2022 Comprend deux piles CR2032, \u00e9tui, normes d&rsquo;\u00e9talonnage<\/p>\n<p>&nbsp;<\/p>\n<p>&nbsp;<\/p>\n","protected":false},"excerpt":{"rendered":"<p id=\"tw-target-text\" class=\"tw-data-text tw-text-large tw-ta\" dir=\"ltr\" data-placeholder=\"Traduction\"><span class=\"Y2IQFc\" lang=\"fr\">Mesurez les solutions nutritives, les sols, les milieux sans sol de serre, les \u00e9chantillons d&rsquo;eau et la s\u00e8ve des tissus avec une pr\u00e9cision bien adapt\u00e9e \u00e0 l&rsquo;analyse en laboratoire !<\/span><\/p>\n","protected":false},"featured_media":4958,"comment_status":"closed","ping_status":"closed","template":"","meta":[],"product_cat":[59],"product_tag":[],"_links":{"self":[{"href":"https:\/\/greentelemesure.com\/index.php\/wp-json\/wp\/v3\/product\/3514"}],"collection":[{"href":"https:\/\/greentelemesure.com\/index.php\/wp-json\/wp\/v3\/product"}],"about":[{"href":"https:\/\/greentelemesure.com\/index.php\/wp-json\/wp\/v2\/types\/product"}],"replies":[{"embeddable":true,"href":"https:\/\/greentelemesure.com\/index.php\/wp-json\/wp\/v2\/comments?post=3514"}],"wp:featuredmedia":[{"embeddable":true,"href":"https:\/\/greentelemesure.com\/index.php\/wp-json\/wp\/v2\/media\/4958"}],"wp:attachment":[{"href":"https:\/\/greentelemesure.com\/index.php\/wp-json\/wp\/v2\/media?parent=3514"}],"wp:term":[{"taxonomy":"product_cat","embeddable":true,"href":"https:\/\/greentelemesure.com\/index.php\/wp-json\/wp\/v2\/product_cat?post=3514"},{"taxonomy":"product_tag","embeddable":true,"href":"https:\/\/greentelemesure.com\/index.php\/wp-json\/wp\/v2\/product_tag?post=3514"}],"curies":[{"name":"wp","href":"https:\/\/api.w.org\/{rel}","templated":true}]}}