{"id":3536,"date":"2022-01-27T10:27:48","date_gmt":"2022-01-27T09:27:48","guid":{"rendered":"http:\/\/41.249.251.2:8004\/?post_type=product&#038;p=3536"},"modified":"2023-04-07T13:11:11","modified_gmt":"2023-04-07T12:11:11","slug":"sonde-lumineuse-ref02-11-05-20","status":"publish","type":"product","link":"https:\/\/greentelemesure.com\/index.php\/produit\/sonde-lumineuse-ref02-11-05-20\/","title":{"rendered":"Sonde lumineuse"},"content":{"rendered":"<p class=\"description\">Les jauges de contact Sonde lumineuse\u00a0 sont essentielles pour les mesures manuelles de la profondeur de l&rsquo;eau, de la temp\u00e9rature et de la conductivit\u00e9 dans les eaux souterraines. Le tambour est maintenu par un cadre stable et est facile \u00e0 transporter.\u00a0Il est tr\u00e8s lisse, de sorte que vous pouvez facilement vider et transporter la sonde. <strong>\u00a0KL 010<\/strong><br \/>\nLa jauge de contact KL010 mesure la distance \u00e0 l&rsquo;eau. Une fois que la sonde touche la surface de l&rsquo;eau, vous obtenez un signal et vous pouvez voir la distance \u00e0 l&rsquo;eau.<br \/>Pour des profondeurs de 15 &#8230; 750 m<\/p>\n<h6><strong>\u00a0KL 010 TM<\/strong><\/h6>\n<p>En plus de\u00a0 KL010, KL010 TM est livr\u00e9 avec un capteur de temp\u00e9rature et un affichage pour afficher la temp\u00e9rature de l&rsquo;eau. Convient \u00e9galement pour la mesure du profil de profondeur.<br \/>\nPour des profondeurs de 25 &#8230; 500 m<\/p>\n<h6><strong>\u00a0KL010 TCM<\/strong><\/h6>\n<p>Avec capteur de conductivit\u00e9 et affichage des valeurs de sortie temp\u00e9rature, conductivit\u00e9 et TDS (Total Dissolved Solids).\u00a0Egalement pour cr\u00e9er des profils de temp\u00e9rature et de conductivit\u00e9.<br \/>\nPour des profondeurs de 30 &#8230; 500 m<\/p>\n<ul class=\"key-features\">\n<li><label>Plage de mesure :<\/label>Longueurs de ruban \u00e0 mesurer KL010 : 15 &#8230; 750 m ;\u00a0KL010TM : 25 &#8230; 500 m ;\u00a0KL010 TCM 30 &#8230; 500 m<\/li>\n<li><label>Application:<\/label>Eaux souterraines<\/li>\n<li><label>Technologie de mesure :<\/label>Jauge de contact<\/li>\n<li><label>Param\u00e8tres mesur\u00e9s\u00a0:<\/label>Niveau d&rsquo;eau \/ Distance \u00e0 l&rsquo;eau, Temp\u00e9rature, Conductivit\u00e9<\/li>\n<li><label>Points forts du produit\u00a0:<\/label>Mesure manuelle du niveau d&rsquo;eau, de la temp\u00e9rature et\/ou de la conductivit\u00e9.<\/li>\n<\/ul>\n","protected":false},"excerpt":{"rendered":"<ul>\n<li>Signaux optiques et acoustiques.<\/li>\n<li>Cadre en plastique sp\u00e9cial \u00e0 haute r\u00e9sistance avec tambour robuste.<\/li>\n<li>Corps de sonde : acier inoxydable (V2A) \/laiton nickel\u00e9 ;\u00a0facile \u00e0 nettoyer.<\/li>\n<li>Ruban \u00e0 mesurer pr\u00e9cis et stable en longueur avec graduation en cm et marquage en dm.<\/li>\n<li>En option : mesure de la temp\u00e9rature avec \u00e9cran LCD.<\/li>\n<li>En option : mesure de la conductivit\u00e9 et de la temp\u00e9rature avec \u00e9cran LCD.<\/li>\n<\/ul>\n","protected":false},"featured_media":4965,"comment_status":"closed","ping_status":"closed","template":"","meta":[],"product_cat":[59],"product_tag":[],"_links":{"self":[{"href":"https:\/\/greentelemesure.com\/index.php\/wp-json\/wp\/v3\/product\/3536"}],"collection":[{"href":"https:\/\/greentelemesure.com\/index.php\/wp-json\/wp\/v3\/product"}],"about":[{"href":"https:\/\/greentelemesure.com\/index.php\/wp-json\/wp\/v2\/types\/product"}],"replies":[{"embeddable":true,"href":"https:\/\/greentelemesure.com\/index.php\/wp-json\/wp\/v2\/comments?post=3536"}],"wp:featuredmedia":[{"embeddable":true,"href":"https:\/\/greentelemesure.com\/index.php\/wp-json\/wp\/v2\/media\/4965"}],"wp:attachment":[{"href":"https:\/\/greentelemesure.com\/index.php\/wp-json\/wp\/v2\/media?parent=3536"}],"wp:term":[{"taxonomy":"product_cat","embeddable":true,"href":"https:\/\/greentelemesure.com\/index.php\/wp-json\/wp\/v2\/product_cat?post=3536"},{"taxonomy":"product_tag","embeddable":true,"href":"https:\/\/greentelemesure.com\/index.php\/wp-json\/wp\/v2\/product_tag?post=3536"}],"curies":[{"name":"wp","href":"https:\/\/api.w.org\/{rel}","templated":true}]}}