{"id":3586,"date":"2022-01-29T11:37:38","date_gmt":"2022-01-29T10:37:38","guid":{"rendered":"http:\/\/41.249.251.2:8004\/?post_type=product&#038;p=3586"},"modified":"2023-04-07T13:11:44","modified_gmt":"2023-04-07T12:11:44","slug":"adcon-serie-6-rtu","status":"publish","type":"product","link":"https:\/\/greentelemesure.com\/index.php\/produit\/adcon-serie-6-rtu\/","title":{"rendered":"Adcon s\u00e9rie 6 RTU"},"content":{"rendered":"<p class=\"bodytext\">Comme tous les RTU ADCON, les RTU de la S\u00c9RIE 6 sont des unit\u00e9s enti\u00e8rement int\u00e9gr\u00e9es\u00a0: enregistreur de donn\u00e9es, modem cellulaire et batterie, tous r\u00e9unis dans un bo\u00eetier en aluminium extr\u00eamement compact et robuste.\u00a0Contrairement aux solutions d&rsquo;enregistreurs standard, les RTU de la S\u00c9RIE 6 n&rsquo;ont pas besoin d&rsquo;un bo\u00eetier s\u00e9par\u00e9, de nombreux c\u00e2bles vers le modem, la batterie et l&rsquo;antenne, d&rsquo;une configuration compliqu\u00e9e pour faire parler l&rsquo;enregistreur au modem, etc. &#8211; les RTU sont vraiment plug and play.\u00a0Connectez les capteurs et votre panneau solaire en vissant simplement un connecteur, ins\u00e9rez votre carte SIM, programmez votre code PIN (pour des raisons de s\u00e9curit\u00e9) et l&rsquo;adresse IP de votre passerelle de t\u00e9l\u00e9m\u00e9trie A850 &#8211; pr\u00eat \u00e0 partir !<\/p>\n<p class=\"bodytext\">En combinaison avec les capteurs ultra-basse consommation d&rsquo;ADCON, les RTU de la S\u00c9RIE 6 fonctionnent \u00e9galement sur un petit panneau solaire suppl\u00e9mentaire, de la taille d&rsquo;une feuille de papier au format DIN A5.\u00a0Cela r\u00e9duit non seulement beaucoup la pression du vent, mais permet \u00e9galement une installation l\u00e9g\u00e8re et \u00e9loigne g\u00e9n\u00e9ralement les voleurs &#8211; il est tout simplement trop petit pour \u00eatre attrayant.<\/p>\n<p class=\"bodytext\"><strong>Aper\u00e7u des performances du produit par applications\u00a0:<\/strong><\/p>\n<p class=\"bodytext\"><strong>RTU A760\u00a0\u00a0\u00a0<\/strong><\/p>\n<p class=\"bodytext\">Maladie\u00a0<strong>+++\u00a0<\/strong>\u00a0\u00a0\u00a0\u00a0 Climat\/Recherche\u00a0<strong>o<\/strong>\u00a0\u00a0\u00a0 Irrigation\u00a0<strong>+++<\/strong>\u00a0\u00a0\u00a0 Gestion de l&rsquo;eau\u00a0<strong>+++ \u00a0\u00a0<\/strong>\u00a0Alerte aux inondations\u00a0<strong>+++<\/strong><\/p>\n<p class=\"bodytext\"><strong>RTUI A764\u00a0\u00a0<\/strong><\/p>\n<p class=\"bodytext\">Maladie\u00a0<strong>+++++<\/strong>\u00a0Climat\/Recherche\u00a0<strong>+++++\u00a0<\/strong>\u00a0Irrigation\u00a0<strong>+++++ Gestion<\/strong>\u00a0de l&rsquo;eau\u00a0<strong>+++++ Alerte aux<\/strong>\u00a0\u00a0 inondations\u00a0<strong>+++++<\/strong><\/p>\n<p class=\"bodytext\"><strong>RTU A765\u00a0\u00a0<\/strong><\/p>\n<p class=\"bodytext\">Maladie\u00a0<strong>o<\/strong>\u00a0\u00a0\u00a0 Climat\/Recherche\u00a0<strong>o<\/strong>\u00a0\u00a0\u00a0 Irrigation\u00a0<strong>++++ Gestion<\/strong>\u00a0\u00a0 de l&rsquo;eau\u00a0<strong>++++ Alerte aux<\/strong>\u00a0\u00a0 crues\u00a0<strong>++++<\/strong><\/p>\n<p class=\"bodytext\">+++++ = performances parfaites pour l&rsquo;application<br \/>\n+++ = bonnes performances pour l&rsquo;application<br \/>\no = ne convient pas \u00e0 l&rsquo;application<\/p>\n","protected":false},"excerpt":{"rendered":"<div class=\"description\">\n<p>L&rsquo;ADCON SERIES 6 RTU est la nouvelle g\u00e9n\u00e9ration d&rsquo;enregistreurs de donn\u00e9es ultra basse consommation t\u00e9l\u00e9command\u00e9s pour les applications agricoles, m\u00e9t\u00e9orologiques et hydrologiques \u00e0 un prix comp\u00e9titif.<\/p>\n<p>La s\u00e9rie se diff\u00e9rencie de ses pr\u00e9d\u00e9cesseurs par une batterie auto-contr\u00f4l\u00e9e, une plus grande m\u00e9moire pouvant contenir jusqu&rsquo;\u00e0 2 millions de valeurs et une communication sans fil via Bluetooth.<\/p>\n<p>D&rsquo;autres avantages sont l&rsquo;option de cryptage des donn\u00e9es pour assurer la s\u00e9curit\u00e9 des donn\u00e9es, la mise \u00e0 jour pratique du micrologiciel par liaison radio ainsi que la conception \u00e0 l&rsquo;\u00e9preuve du temps pour l&rsquo;int\u00e9gration dans les r\u00e9seaux IoT et les technologies de communication de pointe existantes.<\/p>\n<p>L&rsquo;ADCON SERIES 6 RTU est disponible en version 2G\/3G ou 4G\/LTE et est \u00e9quip\u00e9 d&rsquo;un processeur 32 bits rapide.<\/p>\n<\/div>\n<ul class=\"key-features\">\n<li><label>Type d&rsquo;appareil:<\/label>Enregistreur de donn\u00e9es compact avec modem cellulaire int\u00e9gr\u00e9<\/li>\n<li><label>Points forts du produit\u00a0:<\/label>conception ultra-basse consommation\u00a0;\u00a0grande m\u00e9moire int\u00e9gr\u00e9e ;\u00a0IP-67\/IP-65\u00a0;\u00a0Enregistrement m\u00e9t\u00e9orologique conforme \u00e0 l&rsquo;OMM\u00a0;\u00a0Bluetooth;\u00a0Fonction de mise \u00e0 jour du micrologiciel en direct (FOTA)<\/li>\n<li><label>Transmission de donn\u00e9es:<\/label>2G\/3G ou 4G\/LTE<\/li>\n<li><label>Interfaces capteurs\u00a0:<\/label>A764 : 12 entr\u00e9es analogiques (0 \u2026 2,5 VDC) ;\u00a04x compteur d&rsquo;impulsions 4x entr\u00e9es\/sorties num\u00e9riques (0 \u2026 3 V TTL) ;\u00a040x valeurs SDI-12\u00a0;\u00a0R\u00e9solution analogique : 16 bits @ 0 \u2026 2,5 V<\/li>\n<\/ul>\n","protected":false},"featured_media":4969,"comment_status":"closed","ping_status":"closed","template":"","meta":[],"product_cat":[73],"product_tag":[],"_links":{"self":[{"href":"https:\/\/greentelemesure.com\/index.php\/wp-json\/wp\/v3\/product\/3586"}],"collection":[{"href":"https:\/\/greentelemesure.com\/index.php\/wp-json\/wp\/v3\/product"}],"about":[{"href":"https:\/\/greentelemesure.com\/index.php\/wp-json\/wp\/v2\/types\/product"}],"replies":[{"embeddable":true,"href":"https:\/\/greentelemesure.com\/index.php\/wp-json\/wp\/v2\/comments?post=3586"}],"wp:featuredmedia":[{"embeddable":true,"href":"https:\/\/greentelemesure.com\/index.php\/wp-json\/wp\/v2\/media\/4969"}],"wp:attachment":[{"href":"https:\/\/greentelemesure.com\/index.php\/wp-json\/wp\/v2\/media?parent=3586"}],"wp:term":[{"taxonomy":"product_cat","embeddable":true,"href":"https:\/\/greentelemesure.com\/index.php\/wp-json\/wp\/v2\/product_cat?post=3586"},{"taxonomy":"product_tag","embeddable":true,"href":"https:\/\/greentelemesure.com\/index.php\/wp-json\/wp\/v2\/product_tag?post=3586"}],"curies":[{"name":"wp","href":"https:\/\/api.w.org\/{rel}","templated":true}]}}