{"id":3636,"date":"2022-02-01T11:13:23","date_gmt":"2022-02-01T10:13:23","guid":{"rendered":"http:\/\/41.249.251.2:8004\/?post_type=product&#038;p=3636"},"modified":"2023-04-07T13:13:27","modified_gmt":"2023-04-07T12:13:27","slug":"mini-thermo-anemometre-avec-boussole-integree","status":"publish","type":"product","link":"https:\/\/greentelemesure.com\/index.php\/produit\/mini-thermo-anemometre-avec-boussole-integree\/","title":{"rendered":"Mini Thermo-An\u00e9mom\u00e8tre avec Boussole Int\u00e9gr\u00e9e"},"content":{"rendered":"<h2><span style=\"font-size: 16px\">Pliable, format de poche avec vitesse du vent, temp\u00e9rature, humidit\u00e9 relative, point de ros\u00e9e, bulbe humide et refroidissement \u00e9olien<\/span><\/h2>\n<p><span>Le 45168CP est un thermo-an\u00e9mom\u00e8tre de poche qui mesure la vitesse du vent en pieds\/min, MPH, m\/s, km\/h, n\u0153uds et force Beaufort avec une fonction de moyenne de 10 secondes.\u00a0Les mesures suppl\u00e9mentaires incluent : la temp\u00e9rature, l&rsquo;humidit\u00e9 relative, le point de ros\u00e9e, le bulbe humide et le refroidissement \u00e9olien.\u00a0La boussole int\u00e9gr\u00e9e fournit la direction du vent\/lectures \u00e0 360\u00b0 et dispose d&rsquo;une proc\u00e9dure d&rsquo;\u00e9talonnage facile \u00e0 utiliser pour une pr\u00e9cision am\u00e9lior\u00e9e.\u00a0Son bo\u00eetier r\u00e9sistant \u00e0 l&rsquo;eau flotte et a \u00e9t\u00e9 test\u00e9 contre les chutes jusqu&rsquo;\u00e0 6 pieds.\u00a0Dot\u00e9 d&rsquo;une girouette en plastique non corrosif rempla\u00e7able (turbine) et d&rsquo;un support de tr\u00e9pied pour une utilisation mains libres.\u00a0Complet avec une pile CR2032 et un cordon.<\/span><\/p>\n","protected":false},"excerpt":{"rendered":"<ul id=\"features\">\n<li><span>Le compteur de poche se replie pour le stockage et s&rsquo;\u00e9tend jusqu&rsquo;\u00e0 22,9 cm lors de la prise de mesures.<\/span><\/li>\n<li><span>La boussole int\u00e9gr\u00e9e fournit la direction du vent (calcul du vent de t\u00eate\/croix\/queue) et des lectures \u00e0 360\u00b0<\/span><\/li>\n<li><span>Delta T affiche la temp\u00e9rature de l&rsquo;air moins le point de ros\u00e9e<\/span><\/li>\n<li><span>La fonction Max rappelle la lecture de la vitesse du vent la plus \u00e9lev\u00e9e au fil du temps<\/span><\/li>\n<li><span>Mise hors tension automatique 5 minutes apr\u00e8s avoir appuy\u00e9 sur la derni\u00e8re touche avec fonction de d\u00e9sactivation<\/span><\/li>\n<li><span>Le bo\u00eetier r\u00e9sistant \u00e0 l&rsquo;eau flotte et a \u00e9t\u00e9 test\u00e9 contre les chutes jusqu&rsquo;\u00e0 6 pieds<\/span><\/li>\n<li><span>Girouette en plastique non corrosif rempla\u00e7able (turbine)<\/span><\/li>\n<li><span>Support de tr\u00e9pied pour les applications mains libres<\/span><\/li>\n<li><span>Complet avec pile au lithium CR2032 et cordon<\/span><\/li>\n<\/ul>\n","protected":false},"featured_media":4989,"comment_status":"closed","ping_status":"closed","template":"","meta":[],"product_cat":[63],"product_tag":[],"_links":{"self":[{"href":"https:\/\/greentelemesure.com\/index.php\/wp-json\/wp\/v3\/product\/3636"}],"collection":[{"href":"https:\/\/greentelemesure.com\/index.php\/wp-json\/wp\/v3\/product"}],"about":[{"href":"https:\/\/greentelemesure.com\/index.php\/wp-json\/wp\/v2\/types\/product"}],"replies":[{"embeddable":true,"href":"https:\/\/greentelemesure.com\/index.php\/wp-json\/wp\/v2\/comments?post=3636"}],"wp:featuredmedia":[{"embeddable":true,"href":"https:\/\/greentelemesure.com\/index.php\/wp-json\/wp\/v2\/media\/4989"}],"wp:attachment":[{"href":"https:\/\/greentelemesure.com\/index.php\/wp-json\/wp\/v2\/media?parent=3636"}],"wp:term":[{"taxonomy":"product_cat","embeddable":true,"href":"https:\/\/greentelemesure.com\/index.php\/wp-json\/wp\/v2\/product_cat?post=3636"},{"taxonomy":"product_tag","embeddable":true,"href":"https:\/\/greentelemesure.com\/index.php\/wp-json\/wp\/v2\/product_tag?post=3636"}],"curies":[{"name":"wp","href":"https:\/\/api.w.org\/{rel}","templated":true}]}}