{"id":3638,"date":"2022-02-01T11:50:04","date_gmt":"2022-02-01T10:50:04","guid":{"rendered":"http:\/\/41.249.251.2:8004\/?post_type=product&#038;p=3638"},"modified":"2023-04-07T13:13:33","modified_gmt":"2023-04-07T12:13:33","slug":"ott-pluvio-l-pluviometre","status":"publish","type":"product","link":"https:\/\/greentelemesure.com\/index.php\/produit\/ott-pluvio-l-pluviometre\/","title":{"rendered":"Pluviom\u00e8tre-Pluvio\u00b2"},"content":{"rendered":"<p>L&rsquo;OTT Pluvio\u00a0 est un pluviom\u00e8tre tout temps qui utilise une technologie sup\u00e9rieure bas\u00e9e sur le poids pour mesurer la quantit\u00e9 et l&rsquo;intensit\u00e9 de la pluie, de la neige et de la gr\u00eale. D\u00e9velopp\u00e9 en collaboration avec des services m\u00e9t\u00e9orologiques de pointe, l&rsquo;OTT Pluvio\u00a0 utilise une cellule de charge de haute pr\u00e9cision et des algorithmes qui compensent le vent, la temp\u00e9rature et l&rsquo;\u00e9vaporation, garantissant des mesures de pr\u00e9cipitations de la plus haute pr\u00e9cision au fil du temps.<\/p>\n<ul>\n<li>Mesure des pr\u00e9cipitations\u00a0: mesure continue et en temps r\u00e9el de la pluie, de la neige, de la gr\u00eale et du gr\u00e9sil dans tous les environnements de surveillance, m\u00eame les environnements \u00e9loign\u00e9s sans alimentation \u00e9lectrique<\/li>\n<li>Surveillance des conditions routi\u00e8res\u00a0: la quantit\u00e9 et la composition des pr\u00e9cipitations sont combin\u00e9es avec des mesures de visibilit\u00e9 g\u00e9n\u00e9rales pour fournir une image pr\u00e9cise des conditions routi\u00e8res<\/li>\n<li>Alerte pr\u00e9coce d&rsquo;inondation : lorsqu&rsquo;il est combin\u00e9 avec des capteurs de niveau d&rsquo;eau, le Pluvio2 est le composant central d&rsquo;un syst\u00e8me d&rsquo;alerte pr\u00e9coce d&rsquo;inondation<\/li>\n<\/ul>\n","protected":false},"excerpt":{"rendered":"<ul>\n<li>Mesure pr\u00e9cise : pr\u00e9cision des pr\u00e9cipitations \u00e0 moins de 0,004 pouce avec des lectures d&rsquo;accumulation et d&rsquo;intensit\u00e9 et des algorithmes de filtrage pour compenser le vent, la temp\u00e9rature et l&rsquo;\u00e9vaporation<\/li>\n<li>Fonctionnement pratiquement sans maintenance\u00a0: \u00e9talonnage en usine \u00e0 vie, mesures sans d\u00e9rive et bo\u00eetier de protection robuste \u00e9liminent les visites sur le terrain pour l&rsquo;entretien de l&rsquo;instrument<\/li>\n<li>Plusieurs interfaces de communication\u00a0: SDI-12, RS-485 et options de sortie d&rsquo;impulsion<\/li>\n<li>Les options d&rsquo;alimentation du panneau solaire rendent l&rsquo;instrument id\u00e9al pour les sites \u00e9loign\u00e9s<\/li>\n<li>Configuration logicielle facile et interface USB pour la communication avec l&rsquo;ordinateur<\/li>\n<li>Bouclier de protection contre le vent disponible pour les endroits particuli\u00e8rement expos\u00e9s<\/li>\n<li>Option anneau chauffant disponible pour \u00e9viter l&rsquo;accumulation de neige sur le capteur<\/li>\n<li>Installation facile sur des tuyaux de 4&Prime;<\/li>\n<\/ul>\n","protected":false},"featured_media":4990,"comment_status":"closed","ping_status":"closed","template":"","meta":[],"product_cat":[64],"product_tag":[],"_links":{"self":[{"href":"https:\/\/greentelemesure.com\/index.php\/wp-json\/wp\/v3\/product\/3638"}],"collection":[{"href":"https:\/\/greentelemesure.com\/index.php\/wp-json\/wp\/v3\/product"}],"about":[{"href":"https:\/\/greentelemesure.com\/index.php\/wp-json\/wp\/v2\/types\/product"}],"replies":[{"embeddable":true,"href":"https:\/\/greentelemesure.com\/index.php\/wp-json\/wp\/v2\/comments?post=3638"}],"wp:featuredmedia":[{"embeddable":true,"href":"https:\/\/greentelemesure.com\/index.php\/wp-json\/wp\/v2\/media\/4990"}],"wp:attachment":[{"href":"https:\/\/greentelemesure.com\/index.php\/wp-json\/wp\/v2\/media?parent=3638"}],"wp:term":[{"taxonomy":"product_cat","embeddable":true,"href":"https:\/\/greentelemesure.com\/index.php\/wp-json\/wp\/v2\/product_cat?post=3638"},{"taxonomy":"product_tag","embeddable":true,"href":"https:\/\/greentelemesure.com\/index.php\/wp-json\/wp\/v2\/product_tag?post=3638"}],"curies":[{"name":"wp","href":"https:\/\/api.w.org\/{rel}","templated":true}]}}