{"id":3655,"date":"2022-02-02T09:23:35","date_gmt":"2022-02-02T08:23:35","guid":{"rendered":"http:\/\/41.249.251.2:8004\/?post_type=product&#038;p=3655"},"modified":"2023-04-07T13:14:00","modified_gmt":"2023-04-07T12:14:00","slug":"tr1-capteur-combine-temperature-rel-humidite","status":"publish","type":"product","link":"https:\/\/greentelemesure.com\/index.php\/produit\/tr1-capteur-combine-temperature-rel-humidite\/","title":{"rendered":"TR1 Capteur combin\u00e9 Temp\u00e9rature \/ rel. Humidit\u00e9"},"content":{"rendered":"<p>Un \u00e9cran anti-rayonnement professionnel prot\u00e8ge le capteur de la lumi\u00e8re directe du soleil et assure une ventilation suffisante.\u00a0Les \u00e9l\u00e9ments solides r\u00e9sistants aux UV refl\u00e8tent le rayonnement sur leur surface blanche, tandis que l&rsquo;int\u00e9rieur noir absorbe la chaleur accumul\u00e9e.<\/p>\n<p>Un rev\u00eatement protecteur emp\u00eache la poussi\u00e8re et la salet\u00e9 de p\u00e9n\u00e9trer \u00e0 la surface de l&rsquo;\u00e9l\u00e9ment du capteur d&rsquo;humidit\u00e9 afin de r\u00e9duire la d\u00e9rive du capteur, d&rsquo;\u00e9liminer la corrosion et de maintenir la pr\u00e9cision sur une longue p\u00e9riode.\u00a0Un capuchon en plastique avec un \u00e9cran m\u00e9tallique prot\u00e8ge les deux \u00e9l\u00e9ments de d\u00e9tection contre les insectes, les produits chimiques et toutes sortes de salet\u00e9s.<\/p>\n<p>Le capteur est livr\u00e9 enti\u00e8rement assembl\u00e9 avec son \u00e9cran anti-rayonnement \u00e0 5 \u00e9l\u00e9ments, son \u00e9quipement de montage sur m\u00e2t pour des poteaux d&rsquo;un diam\u00e8tre de ~ 40 mm et un c\u00e2ble de 3 m avec des connecteurs Binder \u00e0 7 broches pour Adcon RTU.<\/p>\n<div class=\"tabs ui-tabs ui-corner-all ui-widget ui-widget-content\">\n<div id=\"tab-2349\" class=\"ui-tabs-panel ui-corner-bottom ui-widget-content\" role=\"tabpanel\" aria-labelledby=\"ui-id-2\" aria-hidden=\"false\">\n<div id=\"c5523\" class=\"csc-frame csc-frame-default\">\n<ul>\n<li>Stations m\u00e9t\u00e9orologiques m\u00e9t\u00e9orologiques et hydrographiques<\/li>\n<li>Suivi du b\u00e9tail<\/li>\n<li>Surveillance industrielle<\/li>\n<li>Surveillance du stockage et des silos<\/li>\n<\/ul>\n<\/div>\n<\/div>\n<\/div>\n","protected":false},"excerpt":{"rendered":"<p>L&rsquo;Adcon TR1 a \u00e9t\u00e9 d\u00e9velopp\u00e9 afin d&rsquo;offrir un capteur tr\u00e8s pr\u00e9cis avec une excellente stabilit\u00e9 \u00e0 long terme pour un prix tr\u00e8s comp\u00e9titif.\u00a0Le capteur est pratiquement sans entretien et offre une excellente stabilit\u00e9 \u00e0 long terme.<\/p>\n","protected":false},"featured_media":4996,"comment_status":"closed","ping_status":"closed","template":"","meta":[],"product_cat":[64],"product_tag":[],"_links":{"self":[{"href":"https:\/\/greentelemesure.com\/index.php\/wp-json\/wp\/v3\/product\/3655"}],"collection":[{"href":"https:\/\/greentelemesure.com\/index.php\/wp-json\/wp\/v3\/product"}],"about":[{"href":"https:\/\/greentelemesure.com\/index.php\/wp-json\/wp\/v2\/types\/product"}],"replies":[{"embeddable":true,"href":"https:\/\/greentelemesure.com\/index.php\/wp-json\/wp\/v2\/comments?post=3655"}],"wp:featuredmedia":[{"embeddable":true,"href":"https:\/\/greentelemesure.com\/index.php\/wp-json\/wp\/v2\/media\/4996"}],"wp:attachment":[{"href":"https:\/\/greentelemesure.com\/index.php\/wp-json\/wp\/v2\/media?parent=3655"}],"wp:term":[{"taxonomy":"product_cat","embeddable":true,"href":"https:\/\/greentelemesure.com\/index.php\/wp-json\/wp\/v2\/product_cat?post=3655"},{"taxonomy":"product_tag","embeddable":true,"href":"https:\/\/greentelemesure.com\/index.php\/wp-json\/wp\/v2\/product_tag?post=3655"}],"curies":[{"name":"wp","href":"https:\/\/api.w.org\/{rel}","templated":true}]}}