{"id":3662,"date":"2022-02-02T10:00:35","date_gmt":"2022-02-02T09:00:35","guid":{"rendered":"http:\/\/41.249.251.2:8004\/?post_type=product&#038;p=3662"},"modified":"2023-04-07T13:14:27","modified_gmt":"2023-04-07T12:14:27","slug":"pluviometre-rg1-200cm-0-2mm","status":"publish","type":"product","link":"https:\/\/greentelemesure.com\/index.php\/produit\/pluviometre-rg1-200cm-0-2mm\/","title":{"rendered":"Pluviom\u00e8tre RG1, 200cm, 0.2mm"},"content":{"rendered":"<p>Cette version du RG1 p\u00e8se moins d&rsquo;un demi-kilo et convient \u00e0 la fois au montage sur m\u00e2t et au sol. La mesure est effectu\u00e9e par un syst\u00e8me de godet \u00e0 double basculement qui est calibr\u00e9 en usine pour rester dans une pr\u00e9cision de &lt;2 % en cas de chute de pluie jusqu&rsquo;\u00e0 60 mm par heure. L&rsquo;angle raide des seaux permet \u00e0 l&rsquo;eau de s&rsquo;\u00e9couler rapidement et \u00e9vite ainsi l&rsquo;accumulation de r\u00e9sidus, comme du sable ou de la poussi\u00e8re dans les seaux. L&rsquo;eau est recueillie par un entonnoir avec un orifice de 200 cm\u00b2. Les feuilles et les excr\u00e9ments d&rsquo;oiseaux sont maintenus \u00e0 l&rsquo;\u00e9cart au moyen d&rsquo;un filtre en aluminium, qui peut \u00eatre facilement retir\u00e9 pour le nettoyage. L&rsquo;entonnoir se fixe au corps avec un verrou de style ba\u00efonnette, ce qui emp\u00eache l&rsquo;entonnoir d&rsquo;\u00eatre secou\u00e9 par des vents violents. Toutes les pi\u00e8ces (\u00e0 l&rsquo;exception des seaux) sont en aluminium anodis\u00e9 pour une protection et une durabilit\u00e9 accrues.<\/p>\n","protected":false},"excerpt":{"rendered":"<p>L&rsquo;Adcon RG1 a \u00e9t\u00e9 con\u00e7u comme un pluviom\u00e8tre universel, qui r\u00e9pond aux besoins de la plupart des applications.\u00a0Cette jauge est construite pour durer, aussi bien dans l&rsquo;agriculture que dans les applications hydrographiques ou m\u00e9t\u00e9orologiques et dans les environnements difficiles.<\/p>\n","protected":false},"featured_media":4999,"comment_status":"closed","ping_status":"closed","template":"","meta":[],"product_cat":[64],"product_tag":[],"_links":{"self":[{"href":"https:\/\/greentelemesure.com\/index.php\/wp-json\/wp\/v3\/product\/3662"}],"collection":[{"href":"https:\/\/greentelemesure.com\/index.php\/wp-json\/wp\/v3\/product"}],"about":[{"href":"https:\/\/greentelemesure.com\/index.php\/wp-json\/wp\/v2\/types\/product"}],"replies":[{"embeddable":true,"href":"https:\/\/greentelemesure.com\/index.php\/wp-json\/wp\/v2\/comments?post=3662"}],"wp:featuredmedia":[{"embeddable":true,"href":"https:\/\/greentelemesure.com\/index.php\/wp-json\/wp\/v2\/media\/4999"}],"wp:attachment":[{"href":"https:\/\/greentelemesure.com\/index.php\/wp-json\/wp\/v2\/media?parent=3662"}],"wp:term":[{"taxonomy":"product_cat","embeddable":true,"href":"https:\/\/greentelemesure.com\/index.php\/wp-json\/wp\/v2\/product_cat?post=3662"},{"taxonomy":"product_tag","embeddable":true,"href":"https:\/\/greentelemesure.com\/index.php\/wp-json\/wp\/v2\/product_tag?post=3662"}],"curies":[{"name":"wp","href":"https:\/\/api.w.org\/{rel}","templated":true}]}}