{"id":3847,"date":"2022-02-07T15:57:13","date_gmt":"2022-02-07T14:57:13","guid":{"rendered":"http:\/\/41.249.251.2:8004\/?post_type=product&#038;p=3847"},"modified":"2023-04-07T13:18:32","modified_gmt":"2023-04-07T12:18:32","slug":"capteur-meteo-de-reference-ws3000-umb","status":"publish","type":"product","link":"https:\/\/greentelemesure.com\/index.php\/produit\/capteur-meteo-de-reference-ws3000-umb\/","title":{"rendered":"Capteur m\u00e9t\u00e9o de r\u00e9f\u00e9rence WS3000-UMB"},"content":{"rendered":"<div class=\"description\">\n<p>L&rsquo;humidit\u00e9 relative est mesur\u00e9e au moyen d&rsquo;un \u00e9l\u00e9ment capteur capacitif chauff\u00e9 ;\u00a0un \u00e9l\u00e9ment de mesure de pr\u00e9cision PT100 est utilis\u00e9 pour mesurer la temp\u00e9rature de l&rsquo;air.\u00a0Un transducteur de pression r\u00e9sonant est utilis\u00e9 pour une mesure pr\u00e9cise de la pression.<\/p>\n<p><strong>Pr\u00e9cision en d\u00e9tail\u00a0:<\/strong><\/p>\n<ul>\n<li>Temp\u00e9rature meilleure que +\/- 0,1\u00b0C<\/li>\n<li>Humidit\u00e9 relative meilleure que +\/- 2%<\/li>\n<li>Pression atmosph\u00e9rique meilleure que +\/- 0,1 hPa<\/li>\n<li>La sortie de mesure est accessible par les protocoles suivants : UMB-Binary, UMB-ASCII, UMB-ASCII 2.0, SDI-12, NMEA.<\/li>\n<li><label>Param\u00e8tres mesur\u00e9s\u00a0:<\/label>Temp\u00e9rature, humidit\u00e9 relative, pression atmosph\u00e9rique (pression redondante en option)<\/li>\n<li><label>Technologie de mesure :<\/label>PT100\/Temp, Capacitif\/HR, Transducteur de pression r\u00e9sonnant MEMS<\/li>\n<li><label>Points forts du produit\u00a0:<\/label>construction enti\u00e8rement m\u00e9tallique de haute qualit\u00e9 avec \u00e9cran anti-rayonnement ventil\u00e9 pour les mesures de temp\u00e9rature\/humidit\u00e9 de l&rsquo;air, pr\u00e9cision tra\u00e7able, architecture modulaire, technologies de d\u00e9tection sans d\u00e9rive, possibilit\u00e9s de maintenance et d&rsquo;\u00e9talonnage faciles<\/li>\n<li><label>Interfaces\u00a0:<\/label>RS485, 2 fils, semi-duplex\/WiFi<\/li>\n<\/ul>\n<\/div>\n<ul class=\"key-features\">\n<li>\n<div class=\"csc-header csc-header-n1\">\n<h4 class=\"csc-firstHeader\">Avantages du capteur climatique de r\u00e9f\u00e9rence WS3000<\/h4>\n<\/div>\n<ul>\n<li>Nouvelle classe de capteur m\u00e9t\u00e9o avec bo\u00eetier en aluminium de haute qualit\u00e9<\/li>\n<li>Pr\u00e9cision tra\u00e7able, gr\u00e2ce \u00e0 des certificats d&rsquo;\u00e9talonnage d\u00e9taill\u00e9s, effectu\u00e9s par un laboratoire accr\u00e9dit\u00e9 pour chaque capteur<\/li>\n<li>Architecture modulaire, qui permet des possibilit\u00e9s de maintenance et d&rsquo;\u00e9talonnage faciles pour chaque capteur<\/li>\n<li>Technologies de d\u00e9tection sans d\u00e9rive<\/li>\n<li>Excellente capacit\u00e9 de survie dans des conditions extr\u00eames<\/li>\n<li>Construction enti\u00e8rement m\u00e9tallique avec mesures de temp\u00e9rature \/ humidit\u00e9 de l&rsquo;air ventil\u00e9<\/li>\n<li>Wi-Fi activ\u00e9<\/li>\n<\/ul>\n<p class=\"bodytext\"><strong>Pr\u00e9cision en d\u00e9tail\u00a0:<\/strong><\/p>\n<ul>\n<li>Temp\u00e9rature meilleure que +\/- 0,1\u00b0C<\/li>\n<li>Humidit\u00e9 relative meilleure que +\/- 2%<\/li>\n<\/ul>\n<\/li>\n<li>Pression atmosph\u00e9rique meilleure que +\/- 0,1 hPa\n<div class=\"csc-header csc-header-n1\">\n<h4 class=\"csc-firstHeader\">Exemples d&rsquo;utilisation du capteur climatique de r\u00e9f\u00e9rence WS3000<\/h4>\n<p class=\"csc-firstHeader\">Le capteur de r\u00e9f\u00e9rence climatique robuste et tr\u00e8s pr\u00e9cis WS3000 est con\u00e7u pour les applications m\u00e9t\u00e9orologiques professionnelles dans toutes les zones climatiques. Il fournit des donn\u00e9es extr\u00eamement fiables, m\u00eame dans des conditions ambiantes extr\u00eames.<\/p>\n<\/div>\n<p class=\"bodytext\"><strong>Exemples d&rsquo;utilisation :<\/strong><\/p>\n<ul>\n<li style=\"list-style-type: none\">\n<ul>\n<li>\u00c9talonnage \/ V\u00e9rification de la temp\u00e9rature de l&rsquo;air, de l&rsquo;humidit\u00e9 relative, de la pression atmosph\u00e9rique<\/li>\n<li>M\u00e9t\u00e9o a\u00e9ronautique (syst\u00e8mes AWOS) &#8211; mesure de pression redondante en option disponible<\/li>\n<li>Station climatique de r\u00e9f\u00e9rence m\u00e9t\u00e9orologique<\/li>\n<li>Station de r\u00e9f\u00e9rence hydro-m\u00e9t\u00e9orologique<\/li>\n<\/ul>\n<\/li>\n<\/ul>\n<\/li>\n<\/ul>\n","protected":false},"excerpt":{"rendered":"<p>Nouvelle classe de capteurs m\u00e9t\u00e9o intelligents avec bo\u00eetier en aluminium de haute qualit\u00e9 : capteur de r\u00e9f\u00e9rence climatique WS3000 pour l&rsquo;\u00e9talonnage\/v\u00e9rification de la temp\u00e9rature de l&rsquo;air, de l&rsquo;humidit\u00e9 relative, de la pression atmosph\u00e9rique.<\/p>\n","protected":false},"featured_media":5033,"comment_status":"closed","ping_status":"closed","template":"","meta":[],"product_cat":[64],"product_tag":[],"_links":{"self":[{"href":"https:\/\/greentelemesure.com\/index.php\/wp-json\/wp\/v3\/product\/3847"}],"collection":[{"href":"https:\/\/greentelemesure.com\/index.php\/wp-json\/wp\/v3\/product"}],"about":[{"href":"https:\/\/greentelemesure.com\/index.php\/wp-json\/wp\/v2\/types\/product"}],"replies":[{"embeddable":true,"href":"https:\/\/greentelemesure.com\/index.php\/wp-json\/wp\/v2\/comments?post=3847"}],"wp:featuredmedia":[{"embeddable":true,"href":"https:\/\/greentelemesure.com\/index.php\/wp-json\/wp\/v2\/media\/5033"}],"wp:attachment":[{"href":"https:\/\/greentelemesure.com\/index.php\/wp-json\/wp\/v2\/media?parent=3847"}],"wp:term":[{"taxonomy":"product_cat","embeddable":true,"href":"https:\/\/greentelemesure.com\/index.php\/wp-json\/wp\/v2\/product_cat?post=3847"},{"taxonomy":"product_tag","embeddable":true,"href":"https:\/\/greentelemesure.com\/index.php\/wp-json\/wp\/v2\/product_tag?post=3847"}],"curies":[{"name":"wp","href":"https:\/\/api.w.org\/{rel}","templated":true}]}}