{"id":3956,"date":"2022-02-11T13:04:13","date_gmt":"2022-02-11T12:04:13","guid":{"rendered":"http:\/\/41.249.251.2:8004\/?post_type=product&#038;p=3956"},"modified":"2023-04-07T13:20:38","modified_gmt":"2023-04-07T12:20:38","slug":"capteur-doxygene-de-reference-a-thermistance-a-reponse-rapide-so-421-sdi-12","status":"publish","type":"product","link":"https:\/\/greentelemesure.com\/index.php\/produit\/capteur-doxygene-de-reference-a-thermistance-a-reponse-rapide-so-421-sdi-12\/","title":{"rendered":"Capteur d&rsquo;oxyg\u00e8ne de r\u00e9f\u00e9rence \u00e0 thermistance \u00e0 r\u00e9ponse rapide SO-421 SDI-12"},"content":{"rendered":"<p>Le SO-421 a un temps de r\u00e9ponse rapide de 14 secondes et est con\u00e7u pour \u00eatre utilis\u00e9 dans des applications de laboratoire.\u00a0Il est livr\u00e9 avec un capteur de temp\u00e9rature \u00e0 thermistance pour corriger les changements de temp\u00e9rature et un \u00e9l\u00e9ment chauffant r\u00e9sistif pour \u00e9lever la temp\u00e9rature de la membrane d&rsquo;environ deux degr\u00e9s au-dessus de la temp\u00e9rature ambiante afin d&#8217;emp\u00eacher la condensation de se produire sur la membrane en t\u00e9flon et de bloquer le chemin de diffusion du capteur.\u00a0Les applications typiques incluent la mesure de l&rsquo;O2 dans les exp\u00e9riences de laboratoire, la surveillance de l&rsquo;O2 gazeux dans les environnements int\u00e9rieurs pour le contr\u00f4le du climat, la surveillance des niveaux d&rsquo;O2 dans les tas de compost et les voiles de mine, la surveillance du potentiel redox dans les sols et la d\u00e9termination des taux de respiration par la mesure de la consommation d&rsquo;O2 dans des chambres scell\u00e9es. ou la mesure des gradients d&rsquo;O2 dans le sol\/les milieux poreux.<\/p>\n","protected":false},"excerpt":{"rendered":"<p>Le SO-421 a un temps de r\u00e9ponse rapide de 14 secondes et est con\u00e7u pour \u00eatre utilis\u00e9 dans des applications de laboratoire.<\/p>\n","protected":false},"featured_media":5060,"comment_status":"closed","ping_status":"closed","template":"","meta":[],"product_cat":[64],"product_tag":[],"_links":{"self":[{"href":"https:\/\/greentelemesure.com\/index.php\/wp-json\/wp\/v3\/product\/3956"}],"collection":[{"href":"https:\/\/greentelemesure.com\/index.php\/wp-json\/wp\/v3\/product"}],"about":[{"href":"https:\/\/greentelemesure.com\/index.php\/wp-json\/wp\/v2\/types\/product"}],"replies":[{"embeddable":true,"href":"https:\/\/greentelemesure.com\/index.php\/wp-json\/wp\/v2\/comments?post=3956"}],"wp:featuredmedia":[{"embeddable":true,"href":"https:\/\/greentelemesure.com\/index.php\/wp-json\/wp\/v2\/media\/5060"}],"wp:attachment":[{"href":"https:\/\/greentelemesure.com\/index.php\/wp-json\/wp\/v2\/media?parent=3956"}],"wp:term":[{"taxonomy":"product_cat","embeddable":true,"href":"https:\/\/greentelemesure.com\/index.php\/wp-json\/wp\/v2\/product_cat?post=3956"},{"taxonomy":"product_tag","embeddable":true,"href":"https:\/\/greentelemesure.com\/index.php\/wp-json\/wp\/v2\/product_tag?post=3956"}],"curies":[{"name":"wp","href":"https:\/\/api.w.org\/{rel}","templated":true}]}}