{"id":3958,"date":"2022-02-11T13:18:37","date_gmt":"2022-02-11T12:18:37","guid":{"rendered":"http:\/\/41.249.251.2:8004\/?post_type=product&#038;p=3958"},"modified":"2023-04-07T13:20:46","modified_gmt":"2023-04-07T12:20:46","slug":"capteur-par-far-serie-apogee-s2-400","status":"publish","type":"product","link":"https:\/\/greentelemesure.com\/index.php\/produit\/capteur-par-far-serie-apogee-s2-400\/","title":{"rendered":"Capteur PAR-FAR s\u00e9rie S2-400"},"content":{"rendered":"<p>Le capteur est dot\u00e9 d&rsquo;un bo\u00eetier robuste en aluminium enti\u00e8rement submersible et con\u00e7u pour r\u00e9sister \u00e0 des conditions difficiles, et d&rsquo;un c\u00e2ble de haute qualit\u00e9 se terminant par des fils en queue de cochon pr\u00e9-\u00e9tam\u00e9s pour une connexion facile aux enregistreurs de donn\u00e9es et aux contr\u00f4leurs.\u00a0Le c\u00e2ble du capteur comprend un connecteur de c\u00e2ble en acier inoxydable de qualit\u00e9 marine IP68 pour simplifier le retrait et le remplacement du capteur des installations permanentes pour la maintenance et l&rsquo;\u00e9talonnage.\u00a0Les applications typiques des capteurs PAR-FAR incluent la mesure \u00e0 la fois du flux de photons photosynth\u00e9tiques PPFD traditionnels et la quantification s\u00e9par\u00e9e du flux de photons des photons du rouge lointain (700-760 nm).\u00a0Les sorties comprennent le flux quantique traditionnel, le flux de photons rouge lointain et la fraction rouge lointain (densit\u00e9 de flux de photons rouge lointain \/ somme de PPFD et densit\u00e9 de flux de photons rouge lointain).\u00a0Ce capteur quantifie les photons dans le rouge lointain,<\/p>\n<p><strong>D&rsquo;autres applications incluent :<\/strong><\/p>\n<ul>\n<li>Surveillance des environnements lumineux des plantes<\/li>\n<li>Recherche sur l&rsquo;activit\u00e9 morphog\u00e9nique des plantes<\/li>\n<li>\u00c9tudes de photobiologie.<\/li>\n<li>Le capteur S2-441 PAR-FAR est un capteur num\u00e9rique unique \u00e0 deux canaux pour mesurer \u00e0 la fois les sorties PAR (PPFD) et Far-red des lampes de culture \u00e9lectriques avec le protocole de communication SDI-12.Le capteur S2-442 PAR-FAR est un capteur num\u00e9rique unique \u00e0 deux canaux pour mesurer \u00e0 la fois les sorties PAR (PPFD) et Far-red des lampes de culture \u00e9lectriques avec protocole de communication Modbus.<\/li>\n<\/ul>\n","protected":false},"excerpt":{"rendered":"<p>Le capteur est dot\u00e9 d&rsquo;un bo\u00eetier robuste en aluminium enti\u00e8rement submersible et con\u00e7u pour r\u00e9sister \u00e0 des conditions difficiles, et d&rsquo;un c\u00e2ble de haute qualit\u00e9 se terminant par des fils en queue de cochon pr\u00e9-\u00e9tam\u00e9s pour une connexion facile aux enregistreurs de donn\u00e9es et aux contr\u00f4leurs.<\/p>\n","protected":false},"featured_media":5061,"comment_status":"closed","ping_status":"closed","template":"","meta":[],"product_cat":[65],"product_tag":[],"_links":{"self":[{"href":"https:\/\/greentelemesure.com\/index.php\/wp-json\/wp\/v3\/product\/3958"}],"collection":[{"href":"https:\/\/greentelemesure.com\/index.php\/wp-json\/wp\/v3\/product"}],"about":[{"href":"https:\/\/greentelemesure.com\/index.php\/wp-json\/wp\/v2\/types\/product"}],"replies":[{"embeddable":true,"href":"https:\/\/greentelemesure.com\/index.php\/wp-json\/wp\/v2\/comments?post=3958"}],"wp:featuredmedia":[{"embeddable":true,"href":"https:\/\/greentelemesure.com\/index.php\/wp-json\/wp\/v2\/media\/5061"}],"wp:attachment":[{"href":"https:\/\/greentelemesure.com\/index.php\/wp-json\/wp\/v2\/media?parent=3958"}],"wp:term":[{"taxonomy":"product_cat","embeddable":true,"href":"https:\/\/greentelemesure.com\/index.php\/wp-json\/wp\/v2\/product_cat?post=3958"},{"taxonomy":"product_tag","embeddable":true,"href":"https:\/\/greentelemesure.com\/index.php\/wp-json\/wp\/v2\/product_tag?post=3958"}],"curies":[{"name":"wp","href":"https:\/\/api.w.org\/{rel}","templated":true}]}}