{"id":4176,"date":"2022-02-16T10:57:07","date_gmt":"2022-02-16T09:57:07","guid":{"rendered":"http:\/\/41.249.251.2:8004\/?post_type=product&#038;p=4176"},"modified":"2023-04-07T13:22:45","modified_gmt":"2023-04-07T12:22:45","slug":"ott-orpheus-mini-enregistreur-de-niveau-deau","status":"publish","type":"product","link":"https:\/\/greentelemesure.com\/index.php\/produit\/ott-orpheus-mini-enregistreur-de-niveau-deau\/","title":{"rendered":"OTT Orpheus Mini enregistreur de niveau d&rsquo;eau"},"content":{"rendered":"<p><span>L&rsquo;OTT Orpheus Mini est un capteur de pression int\u00e9gr\u00e9 et un enregistreur de donn\u00e9es pour la mesure de niveau dans les applications d&rsquo;eau de surface et souterraine.\u00a0<\/span><span>Il dispose d&rsquo;une cellule de mesure en c\u00e9ramique robuste pour une pr\u00e9cision \u00e0 long terme et son enregistreur de donn\u00e9es int\u00e9gr\u00e9 g\u00e8re et stocke toutes les mesures \u00e0 des intervalles programmables par l&rsquo;utilisateur.<\/span><\/p>\n<div class=\"tabs ui-tabs ui-corner-all ui-widget ui-widget-content\">\n<div id=\"tab-5\" class=\"ui-tabs-panel ui-corner-bottom ui-widget-content\" role=\"tabpanel\" aria-labelledby=\"ui-id-1\" aria-hidden=\"false\">\n<div id=\"c22\" class=\"csc-frame csc-frame-default\">\n<ul>\n<li><strong>Avantages\u00a0<\/strong><\/li>\n<li><\/li>\n<li><span>Pr\u00e9cis &#8211; La cellule de pression en c\u00e9ramique, contrairement \u00e0 la technologie \u00e0 membrane, ne se d\u00e9forme pas avec le temps, offrant une stabilit\u00e9 de mesure \u00e0 long terme<\/span><\/li>\n<li><span>Haute Performance \u2013 R\u00e9sistance m\u00e9canique \u00e0 la surcharge de pression et aux eaux corrosives<\/span><\/li>\n<li><span>Solution compl\u00e8te &#8211; Le capteur de pression avec enregistreur de donn\u00e9es int\u00e9gr\u00e9 g\u00e8re et stocke la pression, la profondeur de l&rsquo;eau, le niveau d&rsquo;eau (\u00e9tape) et\/ou les mesures de temp\u00e9rature \u00e0 des intervalles programmables<\/span><\/li>\n<li><span>Installation flexible &#8211; S&rsquo;installe facilement dans des puits ou des tuyaux de 1 po de diam\u00e8tre ou plus \u00e0 l&rsquo;aide de plaques d&rsquo;adaptation pratiques<\/span><\/li>\n<li><span>Entretien simple &#8211; L&rsquo;interface infrarouge, les piles et le d\u00e9shydratant sont accessibles en haut du puits ou du tuyau et aucun outil n&rsquo;est requis<\/span><\/li>\n<\/ul>\n<\/div>\n<\/div>\n<\/div>\n","protected":false},"excerpt":{"rendered":"<p><span>Capteur de niveau de pression avec enregistreur de donn\u00e9es pour la surveillance \u00e0 long terme des eaux souterraines.<\/span><\/p>\n","protected":false},"featured_media":5085,"comment_status":"closed","ping_status":"closed","template":"","meta":[],"product_cat":[67],"product_tag":[],"_links":{"self":[{"href":"https:\/\/greentelemesure.com\/index.php\/wp-json\/wp\/v3\/product\/4176"}],"collection":[{"href":"https:\/\/greentelemesure.com\/index.php\/wp-json\/wp\/v3\/product"}],"about":[{"href":"https:\/\/greentelemesure.com\/index.php\/wp-json\/wp\/v2\/types\/product"}],"replies":[{"embeddable":true,"href":"https:\/\/greentelemesure.com\/index.php\/wp-json\/wp\/v2\/comments?post=4176"}],"wp:featuredmedia":[{"embeddable":true,"href":"https:\/\/greentelemesure.com\/index.php\/wp-json\/wp\/v2\/media\/5085"}],"wp:attachment":[{"href":"https:\/\/greentelemesure.com\/index.php\/wp-json\/wp\/v2\/media?parent=4176"}],"wp:term":[{"taxonomy":"product_cat","embeddable":true,"href":"https:\/\/greentelemesure.com\/index.php\/wp-json\/wp\/v2\/product_cat?post=4176"},{"taxonomy":"product_tag","embeddable":true,"href":"https:\/\/greentelemesure.com\/index.php\/wp-json\/wp\/v2\/product_tag?post=4176"}],"curies":[{"name":"wp","href":"https:\/\/api.w.org\/{rel}","templated":true}]}}