{"id":4287,"date":"2022-02-17T14:50:52","date_gmt":"2022-02-17T13:50:52","guid":{"rendered":"http:\/\/41.249.251.2:8004\/?post_type=product&#038;p=4287"},"modified":"2023-04-07T13:24:04","modified_gmt":"2023-04-07T12:24:04","slug":"transmetteur-de-journalisation-sutron-xlink-100-500","status":"publish","type":"product","link":"https:\/\/greentelemesure.com\/index.php\/produit\/transmetteur-de-journalisation-sutron-xlink-100-500\/","title":{"rendered":"Transmetteur de journalisation Sutron XLink 100\/500"},"content":{"rendered":"<div class=\"description\">\n<p>La famille de produits XLink de Sutron offre un enregistreur de donn\u00e9es compatible Wi-Fi \u00e9conomique avec transmission de donn\u00e9es par Iridium ou Cellular. Id\u00e9al pour une utilisation avec plusieurs capteurs num\u00e9riques et analogiques prenant en charge des applications de surveillance de base ou avanc\u00e9es.\u00a0Le produit est disponible en deux mod\u00e8les con\u00e7us pour r\u00e9pondre \u00e0 diff\u00e9rentes exigences d&rsquo;application et de budget.\u00a0Le XLink 100 et le XLink 500 conservent toutes les grandes capacit\u00e9s de la famille pr\u00e9c\u00e9dente (CDMALink, HSPALink, GPRSLink, IridiumLink).<\/p>\n<\/div>\n<ul class=\"key-features\">\n<li><label>Caract\u00e9ristiques:<\/label>H\u00f4te USB, RS-232, cellulaire, enregistreur de donn\u00e9es, RS-232 et RS-485, alimentation SDI-12 commutable, Iridium<\/li>\n<li><label>Points forts du produit\u00a0:<\/label>Modem Plug and Play, programmation personnalis\u00e9e avec Python Scripts (XLlink500), jusqu&rsquo;\u00e0 32 mesures, journal jusqu&rsquo;\u00e0 1 000 000 lectures, cl\u00e9 USB, communication s\u00e9curis\u00e9e (cryptages TLS 1.2), interfaces et protocoles multiples (HTTP,TCP\/IP,FTP) , et 3 niveaux de s\u00e9curit\u00e9 pour configurer, effectuer la maintenance ou acc\u00e9der aux donn\u00e9es<\/li>\n<li><label>Communication IP\u00a0:<\/label>Oui<\/li>\n<li><label>Interfaces capteurs\u00a0:<\/label>SDI-12, RS-232, RS-485<\/li>\n<li><\/li>\n<li>\n<h4><strong>Avantages<\/strong><\/h4>\n<\/li>\n<li>\n<p class=\"bodytext\"><strong>Carte modem pr\u00eate \u00e0 l&#8217;emploi<\/strong><\/p>\n<ul>\n<li>R\u00e9duisez le temps de configuration du modem gr\u00e2ce \u00e0 la reconnaissance automatique du modem<\/li>\n<li>\u00c9changeable sur le terrain, passez facilement d&rsquo;un type de t\u00e9l\u00e9m\u00e9trie ou d&rsquo;un op\u00e9rateur de service \u00e0 un autre<\/li>\n<li>Suivre l&rsquo;\u00e9volution rapide des technologies cellulaires\/t\u00e9l\u00e9com (par exemple, 3G \u00e0 4G)<\/li>\n<\/ul>\n<p class=\"bodytext\"><strong>Programmation personnalis\u00e9e avec des scripts Python (disponible avec XLink 500)<\/strong><\/p>\n<ul>\n<li>Prend en charge les applications au-del\u00e0 de la configuration standard, y compris les mesures personnalis\u00e9es, les formats de transmission et les calculs d\u00e9finis par l&rsquo;utilisateur<\/li>\n<li>Langage de script moderne et facile \u00e0 apprendre avec une communaut\u00e9 de d\u00e9veloppeurs forte et croissante<\/li>\n<\/ul>\n<p class=\"bodytext\"><strong>Communication bidirectionnelle et configuration \u00e0 distance<\/strong><\/p>\n<ul>\n<li>Toutes les fonctionnalit\u00e9s de l&rsquo;enregistreur de donn\u00e9es et les options de configuration sont disponibles \u00e0 distance via une cellule<\/li>\n<li>R\u00e9duisez le temps et les co\u00fbts de visite de la station de terrain pour v\u00e9rifier, modifier ou t\u00e9l\u00e9charger la configuration ou allumer\/\u00e9teindre les instruments<\/li>\n<li>Am\u00e9liorer l&rsquo;acc\u00e8s aux donn\u00e9es et demander les donn\u00e9es manquantes si les transmissions sont manqu\u00e9es<\/li>\n<\/ul>\n<p class=\"bodytext\"><strong>Logiciel simple et intuitif<\/strong><\/p>\n<ul>\n<li>Logiciel LinkComm utilis\u00e9 avec tous les enregistreurs de donn\u00e9es Sutron XLink et SatLink 3<\/li>\n<li>Un logiciel commun r\u00e9duit les besoins en formation<\/li>\n<li>Configuration simple via Wi-Fi \u00e0 l&rsquo;aide d&rsquo;un smartphone, d&rsquo;une tablette ou d&rsquo;un PC<\/li>\n<li>Associez-le \u00e0 Hydromet Cloud, un logiciel h\u00e9berg\u00e9 sur le Web, pour acc\u00e9der et g\u00e9rer les donn\u00e9es et les alertes en temps r\u00e9el<\/li>\n<\/ul>\n<p class=\"bodytext\"><strong>cl\u00e9 USB<\/strong><\/p>\n<ul>\n<li>Modifiez rapidement la configuration ou mettez \u00e0 niveau le micrologiciel<\/li>\n<li>T\u00e9l\u00e9charger automatiquement les donn\u00e9es, les diagnostics et les \u00e9v\u00e9nements<\/li>\n<li>Charger des scripts Python<\/li>\n<\/ul>\n<p class=\"bodytext\"><strong>Collectez plus de donn\u00e9es plus souvent en cas d&rsquo;alarme<\/strong><\/p>\n<ul>\n<li>R\u00e9duisez les co\u00fbts de transmission en envoyant des donn\u00e9es plus fr\u00e9quemment uniquement lorsque les donn\u00e9es sont n\u00e9cessaires \u00e0 un intervalle plus rapide<\/li>\n<li>Seuils d&rsquo;alarme d\u00e9finissables par l&rsquo;utilisateur et intervalles adaptables<\/li>\n<\/ul>\n<p class=\"bodytext\"><strong>Communication s\u00e9curis\u00e9e<\/strong><\/p>\n<ul>\n<li>Envoyez des donn\u00e9es crypt\u00e9es via HTTPS s\u00e9curis\u00e9<\/li>\n<li>Protocoles de transmission HTTP(S), FTP(S) et Socket (TCP\/IP)<\/li>\n<\/ul>\n<p class=\"bodytext\"><strong>Enregistreur de donn\u00e9es \u00e0 faible encombrement<\/strong><\/p>\n<ul>\n<li>R\u00e9duisez les co\u00fbts de bo\u00eetier avec une centrale de mesure \u00e0 encombrement r\u00e9duit<\/li>\n<li>Petit enregistreur de donn\u00e9es et bo\u00eetier faciles \u00e0 dissimuler<\/li>\n<\/ul>\n<p class=\"bodytext\"><strong>Prend en charge plusieurs interfaces et protocoles<\/strong><\/p>\n<ul>\n<li>Utilisation avec une large gamme de capteurs, y compris SDI-12, RS-232 et RS-485<\/li>\n<li>Configuration simple des capteurs SDI-12, SDI-12 sur RS-485 et ModBus (ma\u00eetre ou esclave ; RTU ou ASCII)<\/li>\n<li>Connectez facilement des modems ou des \u00e9crans externes<\/li>\n<li>Prend en charge les formats courants, notamment\u00a0: ASCII, CSV, SHEF, pseudobinaire, OTT MIS<\/li>\n<\/ul>\n<\/li>\n<li><\/li>\n<\/ul>\n","protected":false},"excerpt":{"rendered":"<p>Enregistreur d&rsquo;entr\u00e9e multi-capteurs avec transmission de donn\u00e9es par lridium ou cellulaire.<\/p>\n","protected":false},"featured_media":5107,"comment_status":"closed","ping_status":"closed","template":"","meta":[],"product_cat":[73],"product_tag":[],"_links":{"self":[{"href":"https:\/\/greentelemesure.com\/index.php\/wp-json\/wp\/v3\/product\/4287"}],"collection":[{"href":"https:\/\/greentelemesure.com\/index.php\/wp-json\/wp\/v3\/product"}],"about":[{"href":"https:\/\/greentelemesure.com\/index.php\/wp-json\/wp\/v2\/types\/product"}],"replies":[{"embeddable":true,"href":"https:\/\/greentelemesure.com\/index.php\/wp-json\/wp\/v2\/comments?post=4287"}],"wp:featuredmedia":[{"embeddable":true,"href":"https:\/\/greentelemesure.com\/index.php\/wp-json\/wp\/v2\/media\/5107"}],"wp:attachment":[{"href":"https:\/\/greentelemesure.com\/index.php\/wp-json\/wp\/v2\/media?parent=4287"}],"wp:term":[{"taxonomy":"product_cat","embeddable":true,"href":"https:\/\/greentelemesure.com\/index.php\/wp-json\/wp\/v2\/product_cat?post=4287"},{"taxonomy":"product_tag","embeddable":true,"href":"https:\/\/greentelemesure.com\/index.php\/wp-json\/wp\/v2\/product_tag?post=4287"}],"curies":[{"name":"wp","href":"https:\/\/api.w.org\/{rel}","templated":true}]}}