{"id":4298,"date":"2022-02-17T15:11:27","date_gmt":"2022-02-17T14:11:27","guid":{"rendered":"http:\/\/41.249.251.2:8004\/?post_type=product&#038;p=4298"},"modified":"2023-04-07T13:24:16","modified_gmt":"2023-04-07T12:24:16","slug":"netdl-capteur-de-niveau-de-leau","status":"publish","type":"product","link":"https:\/\/greentelemesure.com\/index.php\/produit\/netdl-capteur-de-niveau-de-leau\/","title":{"rendered":"Enregistreurs des donn\u00e9es NetDL"},"content":{"rendered":"<div class=\"description\">\n<p>Les enregistreurs des donn\u00e9es polyvalents OTT netDL 500 et 1000 ont \u00e9t\u00e9 d\u00e9velopp\u00e9s sp\u00e9cifiquement pour une utilisation dans les stations hydrologiques et m\u00e9t\u00e9orologiques. En plus d&rsquo;enregistrer des donn\u00e9es, les enregistreurs de donn\u00e9es consomment extr\u00eamement peu et offrent des options flexibles de transfert de donn\u00e9es via Internet et les r\u00e9seaux mobiles, offrant une solution d&rsquo;enregistrement et de t\u00e9l\u00e9m\u00e9trie pour chaque projet.<\/p>\n<\/div>\n<ul class=\"key-features\">\n<li><label>Caract\u00e9ristiques:<\/label>Ethernet, h\u00f4te USB, p\u00e9riph\u00e9rique USB, RS-232, satellite, cellulaire, communication industrielle<\/li>\n<li><label>Points forts du produit\u00a0:<\/label>Disponibilit\u00e9 \u00e9lev\u00e9e des donn\u00e9es gr\u00e2ce \u00e0 une grande m\u00e9moire et \u00e0 une communication redondante, Capacit\u00e9 multit\u00e2che pour des cycles d&rsquo;interrogation courts, Communication via TCP\/IP, Serveur Web int\u00e9gr\u00e9, Consommation d&rsquo;\u00e9nergie ultra faible, Conception pour les environnements difficiles, Communication industrielle<\/li>\n<li><label>Communication IP\u00a0:<\/label>Oui<\/li>\n<li><label>Interfaces capteurs\u00a0:<\/label>SDI-12, RS-485 (SDI-12), Modbus RTU, entr\u00e9e analogique (tension et courant), entr\u00e9e d&rsquo;impulsion, entr\u00e9e d&rsquo;\u00e9ta<\/li>\n<li><\/li>\n<li>\n<h4><strong>Avantages<\/strong><\/h4>\n<\/li>\n<li>Un serveur Web int\u00e9gr\u00e9 permet d&rsquo;acc\u00e9der \u00e0 l&rsquo;enregistreur de donn\u00e9es \u00e0 l&rsquo;aide de navigateurs standard, aucun logiciel suppl\u00e9mentaire n&rsquo;est requis<\/li>\n<li>Des ports standardis\u00e9s et une vari\u00e9t\u00e9 de protocoles de transmission pris en charge (HTTPS, HTTP, SMTP, FTP) et de formats de donn\u00e9es (y compris XML) permettent une int\u00e9gration simple dans les syst\u00e8mes existants et futurs, garantissant ainsi un investissement \u00e0 long terme<\/li>\n<li>Des solutions flexibles offrent une connectivit\u00e9 aux automates programmables ou aux syst\u00e8mes de contr\u00f4le de processus<\/li>\n<li>Des voies de communication redondantes garantissent une disponibilit\u00e9 compl\u00e8te des donn\u00e9es<\/li>\n<li>La consommation d&rsquo;\u00e9nergie extr\u00eamement faible permet une utilisation prolong\u00e9e dans des endroits \u00e9loign\u00e9s<\/li>\n<li>Chaque enregistreur de donn\u00e9es peut \u00eatre \u00e9quip\u00e9 individuellement des modules d&rsquo;entr\u00e9e\/sortie pour l&rsquo;application particuli\u00e8re<\/li>\n<li>Le traitement parall\u00e8le des donn\u00e9es de tous les capteurs connect\u00e9s permet des intervalles d&rsquo;\u00e9chantillonnage courts<\/li>\n<li>L&rsquo;interface Ethernet permet une connectivit\u00e9 directe au Web (netDL 1000) et de nouvelles options bas\u00e9es sur IP comme l&rsquo;utilisation de cam\u00e9ras IP ou le couplage de plusieurs unit\u00e9s netDL<\/li>\n<li>Les valeurs instantan\u00e9es et d&rsquo;autres informations peuvent \u00eatre lues rapidement et facilement sur le site de mesure avec l&rsquo;\u00e9cran de l&rsquo;appareil<\/li>\n<li><\/li>\n<\/ul>\n","protected":false},"excerpt":{"rendered":"<div class=\"overview\">\n<p>Enregistreurs des donn\u00e9es pour la collecte de donn\u00e9es \u00e0 distance et la surveillance \u00e0 long terme.<\/p>\n<\/div>\n<div class=\"grids\">\n<div class=\"column grid-50 col-1\">\n<div id=\"ott-extensions-camera\" class=\"camera_wrap camera_own_skin\">\n<div class=\"camera_fakehover\">\n<div class=\"camera_target\">\n<div class=\"cameraCont\"><\/div>\n<\/div>\n<\/div>\n<\/div>\n<\/div>\n<\/div>\n","protected":false},"featured_media":5112,"comment_status":"closed","ping_status":"closed","template":"","meta":[],"product_cat":[73],"product_tag":[],"_links":{"self":[{"href":"https:\/\/greentelemesure.com\/index.php\/wp-json\/wp\/v3\/product\/4298"}],"collection":[{"href":"https:\/\/greentelemesure.com\/index.php\/wp-json\/wp\/v3\/product"}],"about":[{"href":"https:\/\/greentelemesure.com\/index.php\/wp-json\/wp\/v2\/types\/product"}],"replies":[{"embeddable":true,"href":"https:\/\/greentelemesure.com\/index.php\/wp-json\/wp\/v2\/comments?post=4298"}],"wp:featuredmedia":[{"embeddable":true,"href":"https:\/\/greentelemesure.com\/index.php\/wp-json\/wp\/v2\/media\/5112"}],"wp:attachment":[{"href":"https:\/\/greentelemesure.com\/index.php\/wp-json\/wp\/v2\/media?parent=4298"}],"wp:term":[{"taxonomy":"product_cat","embeddable":true,"href":"https:\/\/greentelemesure.com\/index.php\/wp-json\/wp\/v2\/product_cat?post=4298"},{"taxonomy":"product_tag","embeddable":true,"href":"https:\/\/greentelemesure.com\/index.php\/wp-json\/wp\/v2\/product_tag?post=4298"}],"curies":[{"name":"wp","href":"https:\/\/api.w.org\/{rel}","templated":true}]}}