{"id":4757,"date":"2022-06-03T15:17:12","date_gmt":"2022-06-03T14:17:12","guid":{"rendered":"http:\/\/41.249.251.2:8004\/?post_type=product&#038;p=4757"},"modified":"2023-04-07T13:25:30","modified_gmt":"2023-04-07T12:25:30","slug":"incubateur-a-agitation-de-type-vertical-de-grande-capacite-double-couche-et-double-porte-bjpx-x","status":"publish","type":"product","link":"https:\/\/greentelemesure.com\/index.php\/produit\/incubateur-a-agitation-de-type-vertical-de-grande-capacite-double-couche-et-double-porte-bjpx-x\/","title":{"rendered":"Incubateur \u00e0 agitation de type vertical de grande capacit\u00e9-Double couche et double porte"},"content":{"rendered":"<h3 dir=\"ltr\" data-placeholder=\"Traduction\"><strong>Caract\u00e9ristiques<\/strong>:<\/h3>\n<ul>\n<li id=\"tw-target-text\" class=\"tw-data-text tw-text-large tw-ta\" dir=\"ltr\" data-placeholder=\"Traduction\"><span class=\"Y2IQFc\" lang=\"fr\">Alarme sonore et visuelle.\u00a0<\/span><\/li>\n<li class=\"tw-data-text tw-text-large tw-ta\" dir=\"ltr\" data-placeholder=\"Traduction\"><span class=\"Y2IQFc\" lang=\"fr\"> Fonction de r\u00e9cup\u00e9ration hors tension. <\/span><\/li>\n<li class=\"tw-data-text tw-text-large tw-ta\" dir=\"ltr\" data-placeholder=\"Traduction\"><span class=\"Y2IQFc\" lang=\"fr\">Servomoteur \u00e0 haut rendement, vitesse de contr\u00f4le pr\u00e9cise.\u00a0<\/span><\/li>\n<li class=\"tw-data-text tw-text-large tw-ta\" dir=\"ltr\" data-placeholder=\"Traduction\"><span class=\"Y2IQFc\" lang=\"fr\"> D\u00e9marrage \u00e0 tr\u00e8s basse vitesse, vitesse de d\u00e9marrage r\u00e9glable, protection automatique contre la survitesse. <\/span><\/li>\n<\/ul>\n<h3 class=\"tw-data-text tw-text-large tw-ta\" dir=\"ltr\" data-placeholder=\"Traduction\"><strong><span class=\"Y2IQFc\" lang=\"fr\">Accessoires : <\/span><\/strong><\/h3>\n<ul>\n<li class=\"tw-data-text tw-text-large tw-ta\" dir=\"ltr\" data-placeholder=\"Traduction\"><span class=\"Y2IQFc\" lang=\"fr\">Minuteur de moniteur (accessoires standard) ;<\/span><\/li>\n<li><span class=\"Y2IQFc\" lang=\"fr\">Le stop automatique d&rsquo;ouverture de la porte ,<\/span><span class=\"Y2IQFc\" lang=\"fr\"> fonction de d\u00e9sinfection UV, agitateur d&rsquo;humidit\u00e9, agitateur \u00e0 haute temp\u00e9rature (accessoires optionnels).<\/span><\/li>\n<\/ul>\n","protected":false},"excerpt":{"rendered":"<ul>\n<li><span class=\"Y2IQFc\" lang=\"fr\">Mode d&rsquo;agitation doux et fonctionnement stable et fiable;<br \/>\n<\/span><\/li>\n<li><span class=\"Y2IQFc\" lang=\"fr\">Moteur d&rsquo;entra\u00eenement\u00a0 et contr\u00f4leur de refroidissement efficaces, \u00e0 faible consommation d&rsquo;\u00e9nergie;<\/span><\/li>\n<li><span class=\"Y2IQFc\" lang=\"fr\">Fen\u00eatre transparente et conception d&rsquo;\u00e9clairage int\u00e9gr\u00e9e pratique pour l&rsquo;observation les \u00e9chantillons.<\/span><\/li>\n<\/ul>\n<p>&nbsp;<\/p>\n","protected":false},"featured_media":5131,"comment_status":"closed","ping_status":"closed","template":"","meta":[],"product_cat":[76],"product_tag":[],"_links":{"self":[{"href":"https:\/\/greentelemesure.com\/index.php\/wp-json\/wp\/v3\/product\/4757"}],"collection":[{"href":"https:\/\/greentelemesure.com\/index.php\/wp-json\/wp\/v3\/product"}],"about":[{"href":"https:\/\/greentelemesure.com\/index.php\/wp-json\/wp\/v2\/types\/product"}],"replies":[{"embeddable":true,"href":"https:\/\/greentelemesure.com\/index.php\/wp-json\/wp\/v2\/comments?post=4757"}],"wp:featuredmedia":[{"embeddable":true,"href":"https:\/\/greentelemesure.com\/index.php\/wp-json\/wp\/v2\/media\/5131"}],"wp:attachment":[{"href":"https:\/\/greentelemesure.com\/index.php\/wp-json\/wp\/v2\/media?parent=4757"}],"wp:term":[{"taxonomy":"product_cat","embeddable":true,"href":"https:\/\/greentelemesure.com\/index.php\/wp-json\/wp\/v2\/product_cat?post=4757"},{"taxonomy":"product_tag","embeddable":true,"href":"https:\/\/greentelemesure.com\/index.php\/wp-json\/wp\/v2\/product_tag?post=4757"}],"curies":[{"name":"wp","href":"https:\/\/api.w.org\/{rel}","templated":true}]}}