{"id":4775,"date":"2022-06-03T18:18:45","date_gmt":"2022-06-03T17:18:45","guid":{"rendered":"http:\/\/41.249.251.2:8004\/?post_type=product&#038;p=4775"},"modified":"2023-04-07T13:25:53","modified_gmt":"2023-04-07T12:25:53","slug":"vertical-autoclave-bkq-b-ii","status":"publish","type":"product","link":"https:\/\/greentelemesure.com\/index.php\/produit\/vertical-autoclave-bkq-b-ii\/","title":{"rendered":"Autoclave Vertical"},"content":{"rendered":"<h3 id=\"tw-target-text\" class=\"tw-data-text tw-text-large tw-ta\" dir=\"ltr\" data-placeholder=\"Traduction\"><strong><span class=\"Y2IQFc\" lang=\"fr\">Applications: <\/span><\/strong><\/h3>\n<p class=\"tw-data-text tw-text-large tw-ta\" dir=\"ltr\" data-placeholder=\"Traduction\"><span class=\"Y2IQFc\" lang=\"fr\">Il existe 5 programmes fixes et 2 programmes DIY selon les diff\u00e9rents objets de st\u00e9rilisation tels que les pansements, le mat\u00e9riel, les outils, le caoutchouc, le liquide, le milieu de culture, les d\u00e9chets, etc. <\/span><\/p>\n<h3 class=\"tw-data-text tw-text-large tw-ta\" dir=\"ltr\" data-placeholder=\"Traduction\"><strong><span class=\"Y2IQFc\" lang=\"fr\">Dispositifs de s\u00e9curit\u00e9:\u00a0<\/span><\/strong><\/h3>\n<ul>\n<li class=\"tw-data-text tw-text-large tw-ta\" dir=\"ltr\" data-placeholder=\"Traduction\"><span class=\"Y2IQFc\" lang=\"fr\"> Surpression: La soupape de s\u00e9curit\u00e9 peut s&rsquo;ouvrir automatiquement pour rel\u00e2cher la pression. <\/span><\/li>\n<li class=\"tw-data-text tw-text-large tw-ta\" dir=\"ltr\" data-placeholder=\"Traduction\"><span class=\"Y2IQFc\" lang=\"fr\">Surchauffe: Le syst\u00e8me s&rsquo;\u00e9teindra automatiquement. <\/span><\/li>\n<li class=\"tw-data-text tw-text-large tw-ta\" dir=\"ltr\" data-placeholder=\"Traduction\"><span class=\"Y2IQFc\" lang=\"fr\">Capteur de porte: Capteur en position de fermeture de la porte, pour v\u00e9rifier l&rsquo;\u00e9tat de la porte. Si la porte est ouverte, le fonctionnement s&rsquo;arr\u00eatera.\u00a0<\/span><\/li>\n<li class=\"tw-data-text tw-text-large tw-ta\" dir=\"ltr\" data-placeholder=\"Traduction\"><span class=\"Y2IQFc\" lang=\"fr\"> Fonction anti-s\u00e9chage: Si le niveau d&rsquo;eau est trop bas, le syst\u00e8me s&rsquo;\u00e9teint et un code d&rsquo;erreur s&rsquo;affiche \u00e0 l&rsquo;\u00e9cran. <\/span><\/li>\n<li class=\"tw-data-text tw-text-large tw-ta\" dir=\"ltr\" data-placeholder=\"Traduction\"><span class=\"Y2IQFc\" lang=\"fr\">Surintensit\u00e9: Appareil de protection contre les surtensions ou les fuites \u00e9lectriques-commutateur d&rsquo;air. <\/span><\/li>\n<li class=\"tw-data-text tw-text-large tw-ta\" dir=\"ltr\" data-placeholder=\"Traduction\"><span class=\"Y2IQFc\" lang=\"fr\">Couverture de porte: La porte est recouverte d&rsquo;une coque de s\u00e9curit\u00e9 en mat\u00e9riau d&rsquo;isolation thermique, qui peut prot\u00e9ger l&rsquo;op\u00e9rateur des br\u00fblures caus\u00e9es par la chaleur et qui a une belle apparence. <\/span><\/li>\n<\/ul>\n<h3 class=\"tw-data-text tw-text-large tw-ta\" dir=\"ltr\" data-placeholder=\"Traduction\"><strong><span class=\"Y2IQFc\" lang=\"fr\">Caract\u00e9ristiques techniques:\u00a0<\/span><\/strong><\/h3>\n<ul>\n<li class=\"tw-data-text tw-text-large tw-ta\" dir=\"ltr\" data-placeholder=\"Traduction\"><span class=\"Y2IQFc\" lang=\"fr\"> Filtre d&rsquo;entr\u00e9e d&rsquo;eau pour maintenir une qualit\u00e9 d&rsquo;eau \u00e9lev\u00e9e;<\/span><\/li>\n<li class=\"tw-data-text tw-text-large tw-ta\" dir=\"ltr\" data-placeholder=\"Traduction\"><span class=\"Y2IQFc\" lang=\"fr\"> Imprimante en option pour enregistrer les donn\u00e9es de st\u00e9rilisation; <\/span><\/li>\n<li class=\"tw-data-text tw-text-large tw-ta\" dir=\"ltr\" data-placeholder=\"Traduction\"><span class=\"Y2IQFc\" lang=\"fr\">L&rsquo;\u00e9cran LED affiche toutes les \u00e9tapes du processus complet ainsi que les codes d&rsquo;erreur;<\/span><\/li>\n<li class=\"tw-data-text tw-text-large tw-ta\" dir=\"ltr\" data-placeholder=\"Traduction\"><span class=\"Y2IQFc\" lang=\"fr\">Fen\u00eatre de service rapide ind\u00e9pendante, facile \u00e0 r\u00e9parer et \u00e0 entretenir; <\/span><\/li>\n<li class=\"tw-data-text tw-text-large tw-ta\" dir=\"ltr\" data-placeholder=\"Traduction\"><span class=\"Y2IQFc\" lang=\"fr\">S\u00e9lection automatique de l&rsquo;\u00e9chappement rapide ou faible pour \u00e9viter le d\u00e9bordement du liquide de st\u00e9rilisation;<\/span><\/li>\n<li class=\"tw-data-text tw-text-large tw-ta\" dir=\"ltr\" data-placeholder=\"Traduction\"><span class=\"Y2IQFc\" lang=\"fr\"> Programmes de st\u00e9rilisation des pansements, du mat\u00e9riel, du caoutchouc, du milieu de culture, des d\u00e9chets, etc;<\/span><\/li>\n<li id=\"tw-target-text\" class=\"tw-data-text tw-text-large tw-ta\" dir=\"ltr\" data-placeholder=\"Traduction\"><span class=\"Y2IQFc\" lang=\"fr\">\u00a0Porte \u00e0 ouverture rapide gr\u00e2ce \u00e0\u00a0 sa structure de type roue \u00e0 main de de, bague d&rsquo;\u00e9tanch\u00e9it\u00e9 auto-extensible, utilisation facile et s\u00fbre.<\/span><\/li>\n<li id=\"tw-target-text\" class=\"tw-data-text tw-text-large tw-ta\" dir=\"ltr\" data-placeholder=\"Traduction\"><span class=\"Y2IQFc\" lang=\"fr\">Le processus complet de <\/span><span class=\"Y2IQFc\" lang=\"fr\">de remplissage d&rsquo;eau, d&rsquo;\u00e9chappement dynamique des impulsions, de chauffage, de st\u00e9rilisation, de vidange et de s\u00e9chage s&rsquo;ex\u00e9cute automatiquement. <\/span><\/li>\n<li class=\"tw-data-text tw-text-large tw-ta\" dir=\"ltr\" data-placeholder=\"Traduction\"><span class=\"Y2IQFc\" lang=\"fr\">Adoption d&rsquo;une certaine m\u00e9thode d&rsquo;\u00e9chappement \u00e0 temp\u00e9rature (98 ~ 102 \u2103) et d&rsquo;une m\u00e9thode d&rsquo;\u00e9chappement dynamique par impulsions pour vider l&rsquo;air froid \u00e0 l&rsquo;int\u00e9rieur de la chambre afin d&rsquo;assurer la saturabilit\u00e9 de la vapeur.\u00a0<\/span><\/li>\n<li class=\"tw-data-text tw-text-large tw-ta\" dir=\"ltr\" data-placeholder=\"Traduction\"><span class=\"Y2IQFc\" lang=\"fr\"> R\u00e9servoir d&rsquo;eau int\u00e9rieur en acier inoxydable pour faire circuler l&rsquo;eau et la vapeur \u00e0 l&rsquo;int\u00e9rieur. La dose de vapeur ne s&rsquo;\u00e9puise pas pendant la st\u00e9rilisation, afin de garder l&rsquo;ext\u00e9rieur propre et sec.<br \/>\n<\/span><\/li>\n<li class=\"tw-data-text tw-text-large tw-ta\" dir=\"ltr\" data-placeholder=\"Traduction\"><span class=\"Y2IQFc\" lang=\"fr\"> Fonction de s\u00e9chage<br \/>\n<\/span><\/li>\n<li class=\"tw-data-text tw-text-large tw-ta\" dir=\"ltr\" data-placeholder=\"Traduction\"><span class=\"Y2IQFc\" lang=\"fr\">Seau et plateau en acier inoxydable en option.<\/span><\/li>\n<li class=\"tw-data-text tw-text-large tw-ta\" dir=\"ltr\" data-placeholder=\"Traduction\"><span class=\"Y2IQFc\" lang=\"fr\">Plateau standard en acier inoxydable 1 pc.<br \/>\n<\/span><\/li>\n<\/ul>\n","protected":false},"excerpt":{"rendered":"<p id=\"tw-target-text\" class=\"tw-data-text tw-text-large tw-ta\" dir=\"ltr\" data-placeholder=\"Traduction\"><span class=\"Y2IQFc\" lang=\"fr\">Applicable aux services m\u00e9dicaux et de sant\u00e9, \u00e0 la recherche scientifique, aux unit\u00e9s agricoles et autres, \u00e0 l&rsquo;\u00e9quipement m\u00e9dical, aux pansements, \u00e0 la verrerie, et aux milieux de culture en solution pour effectuer la st\u00e9rilisation.<\/span><\/p>\n","protected":false},"featured_media":5137,"comment_status":"closed","ping_status":"closed","template":"","meta":[],"product_cat":[76],"product_tag":[],"_links":{"self":[{"href":"https:\/\/greentelemesure.com\/index.php\/wp-json\/wp\/v3\/product\/4775"}],"collection":[{"href":"https:\/\/greentelemesure.com\/index.php\/wp-json\/wp\/v3\/product"}],"about":[{"href":"https:\/\/greentelemesure.com\/index.php\/wp-json\/wp\/v2\/types\/product"}],"replies":[{"embeddable":true,"href":"https:\/\/greentelemesure.com\/index.php\/wp-json\/wp\/v2\/comments?post=4775"}],"wp:featuredmedia":[{"embeddable":true,"href":"https:\/\/greentelemesure.com\/index.php\/wp-json\/wp\/v2\/media\/5137"}],"wp:attachment":[{"href":"https:\/\/greentelemesure.com\/index.php\/wp-json\/wp\/v2\/media?parent=4775"}],"wp:term":[{"taxonomy":"product_cat","embeddable":true,"href":"https:\/\/greentelemesure.com\/index.php\/wp-json\/wp\/v2\/product_cat?post=4775"},{"taxonomy":"product_tag","embeddable":true,"href":"https:\/\/greentelemesure.com\/index.php\/wp-json\/wp\/v2\/product_tag?post=4775"}],"curies":[{"name":"wp","href":"https:\/\/api.w.org\/{rel}","templated":true}]}}