{"id":9315,"date":"2024-07-24T14:47:30","date_gmt":"2024-07-24T13:47:30","guid":{"rendered":"https:\/\/greentelemesure.com\/?post_type=product&#038;p=9315"},"modified":"2024-07-24T16:09:12","modified_gmt":"2024-07-24T15:09:12","slug":"caisson-sous-evier-cse78","status":"publish","type":"product","link":"https:\/\/greentelemesure.com\/index.php\/produit\/caisson-sous-evier-cse78\/","title":{"rendered":"Caisson sous-\u00e9vier CSE78"},"content":{"rendered":"","protected":false},"excerpt":{"rendered":"<p><span class=\"fontstyle0\">Caisson sous-\u00e9vier de couleur blanche, en MDF hydrofuge r\u00e9sistant \u00e0 l\u2019eau, 18mm avec double portes en high gloss et Poign\u00e9es en acier inoxydable.<br \/>\nCe caisson se distingue par sa haute ergonomie, offrant un confort d&rsquo;utilisation optimal, tout en \u00e9tant esth\u00e9tiquement plaisant<\/span><\/p>\n","protected":false},"featured_media":9322,"comment_status":"closed","ping_status":"closed","template":"","meta":[],"product_cat":[76],"product_tag":[],"_links":{"self":[{"href":"https:\/\/greentelemesure.com\/index.php\/wp-json\/wp\/v3\/product\/9315"}],"collection":[{"href":"https:\/\/greentelemesure.com\/index.php\/wp-json\/wp\/v3\/product"}],"about":[{"href":"https:\/\/greentelemesure.com\/index.php\/wp-json\/wp\/v2\/types\/product"}],"replies":[{"embeddable":true,"href":"https:\/\/greentelemesure.com\/index.php\/wp-json\/wp\/v2\/comments?post=9315"}],"wp:featuredmedia":[{"embeddable":true,"href":"https:\/\/greentelemesure.com\/index.php\/wp-json\/wp\/v2\/media\/9322"}],"wp:attachment":[{"href":"https:\/\/greentelemesure.com\/index.php\/wp-json\/wp\/v2\/media?parent=9315"}],"wp:term":[{"taxonomy":"product_cat","embeddable":true,"href":"https:\/\/greentelemesure.com\/index.php\/wp-json\/wp\/v2\/product_cat?post=9315"},{"taxonomy":"product_tag","embeddable":true,"href":"https:\/\/greentelemesure.com\/index.php\/wp-json\/wp\/v2\/product_tag?post=9315"}],"curies":[{"name":"wp","href":"https:\/\/api.w.org\/{rel}","templated":true}]}}