{"id":9333,"date":"2024-07-24T15:19:07","date_gmt":"2024-07-24T14:19:07","guid":{"rendered":"https:\/\/greentelemesure.com\/?post_type=product&#038;p=9333"},"modified":"2024-07-24T15:24:04","modified_gmt":"2024-07-24T14:24:04","slug":"evier-de-laboratoire-e500-e800","status":"publish","type":"product","link":"https:\/\/greentelemesure.com\/index.php\/produit\/evier-de-laboratoire-e500-e800\/","title":{"rendered":"\u00c9vier de laboratoire-E500 &#038; E800"},"content":{"rendered":"<p><span class=\"fontstyle0\"><strong>Avantages:<\/strong><br \/>\n<\/span><span class=\"fontstyle1\">\u2022 Pour l\u2019utilisation hygi\u00e9nique et intensive en laboratoire<br \/>\n\u2022 Longue dur\u00e9e de vie<\/span><\/p>\n","protected":false},"excerpt":{"rendered":"<p><span class=\"fontstyle0\">\u00c9vier encastr\u00e9 en polypropyl\u00e8ne, de haute stabilit\u00e9 thermique et une bonne r\u00e9sistance chimique<br \/>\nfacile \u00e0 la d\u00e9contamination et non toxique avec robinet de laboratoire \u00e0 triple sorties col de cygne de couleur grise, avec montage sur table<\/span><\/p>\n","protected":false},"featured_media":9324,"comment_status":"closed","ping_status":"closed","template":"","meta":[],"product_cat":[76],"product_tag":[],"_links":{"self":[{"href":"https:\/\/greentelemesure.com\/index.php\/wp-json\/wp\/v3\/product\/9333"}],"collection":[{"href":"https:\/\/greentelemesure.com\/index.php\/wp-json\/wp\/v3\/product"}],"about":[{"href":"https:\/\/greentelemesure.com\/index.php\/wp-json\/wp\/v2\/types\/product"}],"replies":[{"embeddable":true,"href":"https:\/\/greentelemesure.com\/index.php\/wp-json\/wp\/v2\/comments?post=9333"}],"wp:featuredmedia":[{"embeddable":true,"href":"https:\/\/greentelemesure.com\/index.php\/wp-json\/wp\/v2\/media\/9324"}],"wp:attachment":[{"href":"https:\/\/greentelemesure.com\/index.php\/wp-json\/wp\/v2\/media?parent=9333"}],"wp:term":[{"taxonomy":"product_cat","embeddable":true,"href":"https:\/\/greentelemesure.com\/index.php\/wp-json\/wp\/v2\/product_cat?post=9333"},{"taxonomy":"product_tag","embeddable":true,"href":"https:\/\/greentelemesure.com\/index.php\/wp-json\/wp\/v2\/product_tag?post=9333"}],"curies":[{"name":"wp","href":"https:\/\/api.w.org\/{rel}","templated":true}]}}