{"id":9351,"date":"2024-07-24T16:11:13","date_gmt":"2024-07-24T15:11:13","guid":{"rendered":"https:\/\/greentelemesure.com\/?post_type=product&#038;p=9351"},"modified":"2024-07-24T16:38:55","modified_gmt":"2024-07-24T15:38:55","slug":"flacon-sterile-120-ml","status":"publish","type":"product","link":"https:\/\/greentelemesure.com\/index.php\/produit\/flacon-sterile-120-ml\/","title":{"rendered":"Flacon st\u00e9rile 120 ml"},"content":{"rendered":"<p><strong>Avantage :<\/strong><\/p>\n<p><span class=\"fontstyle0\">&#8211; St\u00e9riles<br \/>\n&#8211; Emball\u00e9s individuellement<\/span><\/p>\n","protected":false},"excerpt":{"rendered":"<p><span class=\"fontstyle0\">Fabriqu\u00e9 en polypropyl\u00e8ne, ce flacon de 120 ml est gradu\u00e9 et \u00e0 usage unique se ferme rapidement gr\u00e2ce \u00e0 son bouchon \u00e0 visser et est bien adapt\u00e9 \u00e0 une utilisation dans un laboratoire d&rsquo;analyse m\u00e9dicale ou un service hospitalier.<br \/>\nPossibilit\u00e9 d&rsquo;\u00e9crire directement sur le flacon<\/span><\/p>\n","protected":false},"featured_media":9309,"comment_status":"closed","ping_status":"closed","template":"","meta":[],"product_cat":[76],"product_tag":[],"_links":{"self":[{"href":"https:\/\/greentelemesure.com\/index.php\/wp-json\/wp\/v3\/product\/9351"}],"collection":[{"href":"https:\/\/greentelemesure.com\/index.php\/wp-json\/wp\/v3\/product"}],"about":[{"href":"https:\/\/greentelemesure.com\/index.php\/wp-json\/wp\/v2\/types\/product"}],"replies":[{"embeddable":true,"href":"https:\/\/greentelemesure.com\/index.php\/wp-json\/wp\/v2\/comments?post=9351"}],"wp:featuredmedia":[{"embeddable":true,"href":"https:\/\/greentelemesure.com\/index.php\/wp-json\/wp\/v2\/media\/9309"}],"wp:attachment":[{"href":"https:\/\/greentelemesure.com\/index.php\/wp-json\/wp\/v2\/media?parent=9351"}],"wp:term":[{"taxonomy":"product_cat","embeddable":true,"href":"https:\/\/greentelemesure.com\/index.php\/wp-json\/wp\/v2\/product_cat?post=9351"},{"taxonomy":"product_tag","embeddable":true,"href":"https:\/\/greentelemesure.com\/index.php\/wp-json\/wp\/v2\/product_tag?post=9351"}],"curies":[{"name":"wp","href":"https:\/\/api.w.org\/{rel}","templated":true}]}}